############################################################################## ############################################################################## ### ### Running command: ### ### /home/biocbuild/bbs-3.22-bioc/R/bin/R CMD check --install=check:Pigengene.install-out.txt --library=/home/biocbuild/bbs-3.22-bioc/R/site-library --timings Pigengene_1.36.0.tar.gz ### ############################################################################## ############################################################################## * using log directory ‘/home/biocbuild/bbs-3.22-bioc/meat/Pigengene.Rcheck’ * using R version 4.5.1 Patched (2025-08-23 r88802) * using platform: x86_64-pc-linux-gnu * R was compiled by gcc (Ubuntu 13.3.0-6ubuntu2~24.04) 13.3.0 GNU Fortran (Ubuntu 13.3.0-6ubuntu2~24.04) 13.3.0 * running under: Ubuntu 24.04.3 LTS * using session charset: UTF-8 * checking for file ‘Pigengene/DESCRIPTION’ ... OK * checking extension type ... Package * this is package ‘Pigengene’ version ‘1.36.0’ * checking package namespace information ... OK * checking package dependencies ... OK * checking if this is a source package ... OK * checking if there is a namespace ... OK * checking for hidden files and directories ... OK * checking for portable file names ... OK * checking for sufficient/correct file permissions ... OK * checking whether package ‘Pigengene’ can be installed ... OK * checking installed package size ... OK * checking package directory ... OK * checking ‘build’ directory ... OK * checking DESCRIPTION meta-information ... OK * checking top-level files ... OK * checking for left-over files ... OK * checking index information ... OK * checking package subdirectories ... OK * checking code files for non-ASCII characters ... OK * checking R files for syntax errors ... OK * checking whether the package can be loaded ... OK * checking whether the package can be loaded with stated dependencies ... OK * checking whether the package can be unloaded cleanly ... OK * checking whether the namespace can be loaded with stated dependencies ... OK * checking whether the namespace can be unloaded cleanly ... OK * checking loading without being on the library search path ... OK * checking dependencies in R code ... NOTE 'library' or 'require' calls in package code: ‘AnnotationDbi’ ‘biomaRt’ ‘energy’ ‘org.Hs.eg.db’ ‘org.Mm.eg.db’ Please use :: or requireNamespace() instead. See section 'Suggested packages' in the 'Writing R Extensions' manual. * checking S3 generic/method consistency ... OK * checking replacement functions ... OK * checking foreign function calls ... OK * checking R code for possible problems ... NOTE Found the following possibly unsafe calls: File ‘Pigengene/R/bn.calculation.R’: assignInNamespace("supported.clusters", fixArgs, "bnlearn") one.step.pigengene: no visible binding for global variable ‘org.Hs.eg.db’ Undefined global functions or variables: org.Hs.eg.db * checking Rd files ... NOTE checkRd: (-1) draw.bn.Rd:47: Lost braces 47 | rename the nodes name. See code{rename.node}.} | ^ checkRd: (-1) eigengenes33.Rd:21-22: Lost braces 21 | {A 202 by 34 matrix. | ^ checkRd: (-1) eigengenes33.Rd:25: Lost braces; missing escapes or markup? 25 | {A 164 by 34 matrix for MDS cases with columns similar to aml.} | ^ checkRd: (-1) eigengenes33.Rd:28: Lost braces; missing escapes or markup? 28 | {A numeric vector of length 9166 labeling members of each module. Named by Entrez ID.} | ^ checkRd: (-1) pigengene-class.Rd:25-26: Lost braces in \itemize; meant \describe ? checkRd: (-1) pigengene-class.Rd:27-29: Lost braces in \itemize; meant \describe ? checkRd: (-1) pigengene-class.Rd:30-39: Lost braces in \itemize; meant \describe ? checkRd: (-1) pigengene-class.Rd:40-41: Lost braces in \itemize; meant \describe ? checkRd: (-1) pigengene-class.Rd:42-44: Lost braces in \itemize; meant \describe ? checkRd: (-1) pigengene-class.Rd:45-47: Lost braces in \itemize; meant \describe ? checkRd: (-1) pigengene-class.Rd:48-49: Lost braces in \itemize; meant \describe ? checkRd: (-1) pigengene-class.Rd:50-52: Lost braces in \itemize; meant \describe ? checkRd: (-1) pigengene-class.Rd:53-55: Lost braces in \itemize; meant \describe ? checkRd: (-1) pigengene-class.Rd:56-57: Lost braces in \itemize; meant \describe ? checkRd: (-1) pigengene-class.Rd:58-59: Lost braces in \itemize; meant \describe ? checkRd: (-1) pigengene-class.Rd:60-63: Lost braces in \itemize; meant \describe ? checkRd: (-1) pigengene-class.Rd:64-68: Lost braces in \itemize; meant \describe ? checkRd: (-1) pigengene-class.Rd:73-76: Lost braces in \itemize; meant \describe ? checkRd: (-1) pigengene-class.Rd:77-79: Lost braces in \itemize; meant \describe ? * checking Rd metadata ... OK * checking Rd cross-references ... NOTE Non-topic package-anchored link(s) in Rd file 'draw.bn.Rd': ‘[bnlearn:bn.class]{bn-class}’ Non-topic package-anchored link(s) in Rd file 'gene.mapping.Rd': ‘[org.Hs.eg.db:org.Hs.egBASE]{org.Hs.eg.db}’ ‘[org.Mm.eg.db:org.Mm.egBASE]{org.Mm.eg.db}’ Non-topic package-anchored link(s) in Rd file 'learn.bn.Rd': ‘[bnlearn:preprocessing]{discretize}’ ‘[bnlearn:bn.class]{bn-class}’ See section 'Cross-references' in the 'Writing R Extensions' manual. * checking for missing documentation entries ... OK * checking for code/documentation mismatches ... OK * checking Rd \usage sections ... OK * checking Rd contents ... OK * checking for unstated dependencies in examples ... OK * checking contents of ‘data’ directory ... OK * checking data for non-ASCII characters ... OK * checking data for ASCII and uncompressed saves ... OK * checking files in ‘vignettes’ ... OK * checking examples ... ERROR Running examples in ‘Pigengene-Ex.R’ failed The error most likely occurred in: > base::assign(".ptime", proc.time(), pos = "CheckExEnv") > ### Name: gene.mapping > ### Title: Maps gene IDs > ### Aliases: gene.mapping > ### Keywords: misc > > ### ** Examples > > library(org.Hs.eg.db) Loading required package: AnnotationDbi Loading required package: stats4 Loading required package: Biobase Welcome to Bioconductor Vignettes contain introductory material; view with 'browseVignettes()'. To cite Bioconductor, see 'citation("Biobase")', and for packages 'citation("pkgname")'. Loading required package: IRanges Loading required package: S4Vectors Attaching package: ‘S4Vectors’ The following object is masked from ‘package:utils’: findMatches The following objects are masked from ‘package:base’: I, expand.grid, unname > g1 <- gene.mapping(ids="NM_001159995") Loading required package: org.Mm.eg.db 'select()' returned 1:1 mapping between keys and columns > print(g1) input output1 output2 NM_001159995 "NM_001159995" "NRG1" "NRG1" > > ## Mapping to multiple convention > library(org.Mm.eg.db) > g2 <- gene.mapping(ids=c("NM_170730", "NM_001013580"), + inputType="REFSEQ", inputDb=org.Mm.eg.db, + outputType=c("SYMBOL","ENTREZID"), + outputDb=list(org.Hs.eg.db,org.Mm.eg.db), verbose=1) Mapping to: org.Hs.eg.db-SYMBOL 'select()' returned 1:1 mapping between keys and columns Loading required package: biomaRt Error in `req_perform()`: ! Failed to perform HTTP request. Caused by error in `curl::curl_fetch_memory()`: ! SSL connect error [www.ensembl.org]: gnutls_handshake() failed: An unexpected TLS packet was received. Backtrace: ▆ 1. └─Pigengene::gene.mapping(...) 2. └─Pigengene::gene.mapping(...) 3. └─Pigengene:::hu.mouse(verbose = verbose) 4. └─biomaRt::useMart(...) 5. └─biomaRt:::.useMart(...) 6. └─biomaRt:::.listMarts(...) 7. └─biomaRt:::bmRequest(...) 8. └─httr2::req_perform(request) 9. └─httr2:::handle_resp(req, resp, error_call = error_call) 10. └─rlang::cnd_signal(resp) Execution halted Examples with CPU (user + system) or elapsed time > 5s user system elapsed Pigengene-package 73.293 1.108 74.370 combine.networks 15.131 0.014 15.141 determine.modules 14.735 0.021 14.760 apply.filter 14.279 0.180 14.462 compute.pigengene 12.463 0.271 12.735 compact.tree 9.693 0.063 9.886 * checking for unstated dependencies in vignettes ... OK * checking package vignettes ... OK * checking re-building of vignette outputs ... OK * checking PDF version of manual ... OK * DONE Status: 1 ERROR, 4 NOTEs See ‘/home/biocbuild/bbs-3.22-bioc/meat/Pigengene.Rcheck/00check.log’ for details.