############################################################################## ############################################################################## ### ### Running command: ### ### /home/biocbuild/bbs-3.22-bioc/R/bin/R CMD check --install=check:ChromSCape.install-out.txt --library=/home/biocbuild/bbs-3.22-bioc/R/site-library --timings ChromSCape_1.20.0.tar.gz ### ############################################################################## ############################################################################## * using log directory ‘/home/biocbuild/bbs-3.22-bioc/meat/ChromSCape.Rcheck’ * using R version 4.5.1 Patched (2025-08-23 r88802) * using platform: x86_64-pc-linux-gnu * R was compiled by gcc (Ubuntu 13.3.0-6ubuntu2~24.04) 13.3.0 GNU Fortran (Ubuntu 13.3.0-6ubuntu2~24.04) 13.3.0 * running under: Ubuntu 24.04.3 LTS * using session charset: UTF-8 * checking for file ‘ChromSCape/DESCRIPTION’ ... OK * this is package ‘ChromSCape’ version ‘1.20.0’ * package encoding: UTF-8 * checking package namespace information ... OK * checking package dependencies ... INFO Imports includes 51 non-default packages. Importing from so many packages makes the package vulnerable to any of them becoming unavailable. Move as many as possible to Suggests and use conditionally. * checking if this is a source package ... OK * checking if there is a namespace ... OK * checking for hidden files and directories ... NOTE Found the following hidden files and directories: .BBSoptions These were most likely included in error. See section ‘Package structure’ in the ‘Writing R Extensions’ manual. * checking for portable file names ... OK * checking for sufficient/correct file permissions ... OK * checking whether package ‘ChromSCape’ can be installed ... OK * used C++ compiler: ‘g++ (Ubuntu 13.3.0-6ubuntu2~24.04) 13.3.0’ * checking installed package size ... INFO installed size is 5.8Mb sub-directories of 1Mb or more: data 1.7Mb www 2.1Mb * checking package directory ... OK * checking ‘build’ directory ... OK * checking DESCRIPTION meta-information ... OK * checking top-level files ... OK * checking for left-over files ... OK * checking index information ... OK * checking package subdirectories ... OK * checking code files for non-ASCII characters ... OK * checking R files for syntax errors ... OK * checking whether the package can be loaded ... OK * checking whether the package can be loaded with stated dependencies ... OK * checking whether the package can be unloaded cleanly ... OK * checking whether the namespace can be loaded with stated dependencies ... OK * checking whether the namespace can be unloaded cleanly ... OK * checking loading without being on the library search path ... OK * checking whether startup messages can be suppressed ... OK * checking dependencies in R code ... WARNING 'loadNamespace' or 'requireNamespace' call not declared from: ‘flexdashboard’ * checking S3 generic/method consistency ... OK * checking replacement functions ... OK * checking foreign function calls ... OK * checking R code for possible problems ... NOTE bams_to_matrix_indexes: no visible binding for global variable ‘files_dir_list’ enrich_TF_ChEA3_genes: no visible binding for global variable ‘CheA3_TF_nTargets’ filter_correlated_cell_scExp: no visible binding for global variable ‘run_tsne’ generate_analysis: no visible global function definition for ‘head’ generate_analysis: no visible binding for global variable ‘k’ generate_analysis: no visible binding for global variable ‘clusterConsensus’ get_most_variable_cyto: no visible binding for global variable ‘cytoBand’ get_most_variable_cyto: no visible binding for global variable ‘Fri_cyto’ num_cell_after_QC_filt_scExp: no visible binding for global variable ‘sample_id’ num_cell_after_QC_filt_scExp: no visible binding for global variable ‘total_counts’ num_cell_scExp: no visible binding for global variable ‘sample_id’ num_cell_scExp: no visible binding for global variable ‘total_counts’ plot_correlation_PCA_scExp: no visible binding for global variable ‘Component’ plot_coverage_BigWig: no visible binding for global variable ‘molecule’ plot_coverage_BigWig: no visible binding for global variable ‘orientation’ plot_coverage_BigWig: no visible binding for global variable ‘Gene’ plot_gain_or_loss_barplots: no visible binding for global variable ‘Gain_or_Loss’ plot_gain_or_loss_barplots: no visible binding for global variable ‘ncells’ plot_gain_or_loss_barplots: no visible binding for global variable ‘cytoBand’ plot_most_contributing_features: no visible binding for global variable ‘genes’ plot_percent_active_feature_scExp: no visible binding for global variable ‘group’ plot_percent_active_feature_scExp: no visible binding for global variable ‘percent_active’ plot_pie_most_contributing_chr: no visible binding for global variable ‘absolute_value’ plot_reduced_dim_scExp: no visible binding for global variable ‘V1’ plot_reduced_dim_scExp: no visible binding for global variable ‘V2’ plot_reduced_dim_scExp: no visible binding for global variable ‘cluster’ plot_top_TF_scExp: no visible binding for global variable ‘TF’ rebin_helper: no visible binding for global variable ‘new_row’ rebin_helper: no visible binding for global variable ‘origin_value’ rebin_matrix: no visible binding for global variable ‘group’ subset_bam_call_peaks: no visible binding for global variable ‘merged_bam’ Undefined global functions or variables: CheA3_TF_nTargets Component Fri_cyto Gain_or_Loss Gene TF V1 V2 absolute_value cluster clusterConsensus cytoBand files_dir_list genes group head k merged_bam molecule ncells new_row orientation origin_value percent_active run_tsne sample_id total_counts Consider adding importFrom("utils", "head") to your NAMESPACE file. * checking Rd files ... OK * checking Rd metadata ... OK * checking Rd cross-references ... OK * checking for missing documentation entries ... OK * checking for code/documentation mismatches ... OK * checking Rd \usage sections ... OK * checking Rd contents ... OK * checking for unstated dependencies in examples ... OK * checking contents of ‘data’ directory ... OK * checking data for non-ASCII characters ... OK * checking data for ASCII and uncompressed saves ... OK * checking line endings in C/C++/Fortran sources/headers ... OK * checking compiled code ... NOTE Note: information on .o files is not available * checking files in ‘vignettes’ ... OK * checking examples ... OK Examples with CPU (user + system) or elapsed time > 5s user system elapsed get_pathway_mat_scExp 71.607 2.293 73.901 plot_gain_or_loss_barplots 50.429 0.406 50.836 plot_reduced_dim_scExp_CNA 24.448 0.188 24.635 calculate_CNA 22.624 1.032 23.659 calculate_logRatio_CNA 21.739 0.243 21.983 calculate_cyto_mat 21.499 0.220 21.720 calculate_gain_or_loss 21.442 0.243 21.685 get_most_variable_cyto 21.337 0.000 21.338 get_cyto_features 19.105 0.000 19.105 num_cell_after_cor_filt_scExp 12.581 0.222 12.783 preprocessing_filtering_and_reduction 9.788 0.020 9.802 filter_correlated_cell_scExp 9.687 0.001 9.676 rebin_matrix 8.898 0.735 24.226 import_scExp 7.698 0.017 7.716 create_scDataset_raw 6.427 0.227 6.653 CompareWilcox 6.198 0.418 6.381 differential_activation 5.247 0.004 5.251 enrich_TF_ChEA3_scExp 1.089 0.021 5.219 * checking for unstated dependencies in ‘tests’ ... OK * checking tests ... Running ‘testthat.R’ OK * checking for unstated dependencies in vignettes ... OK * checking package vignettes ... OK * checking re-building of vignette outputs ... OK * checking PDF version of manual ... OK * DONE Status: 1 WARNING, 3 NOTEs See ‘/home/biocbuild/bbs-3.22-bioc/meat/ChromSCape.Rcheck/00check.log’ for details.