############################################################################## ############################################################################## ### ### Running command: ### ### chmod a+r svaNUMT -R && F:\biocbuild\bbs-3.22-bioc\R\bin\R.exe CMD build --keep-empty-dirs --no-resave-data svaNUMT ### ############################################################################## ############################################################################## * checking for file 'svaNUMT/DESCRIPTION' ... OK * preparing 'svaNUMT': * checking DESCRIPTION meta-information ... OK * installing the package to build vignettes * creating vignettes ... ERROR --- re-building 'svaNUMT.Rmd' using rmarkdown Quitting from svaNUMT.Rmd:69-79 [unnamed-chunk-1] ~~~~~~~~~~~~~~~~~~~~~~~~~~~~~~~~~~~~~~~~~~~~~~~~~~~~~~~~~~~~~~~~~~~~~~~~~~~~~~~~ Error in `seqlevelsStyle<-`: ! could not find function "seqlevelsStyle<-" ~~~~~~~~~~~~~~~~~~~~~~~~~~~~~~~~~~~~~~~~~~~~~~~~~~~~~~~~~~~~~~~~~~~~~~~~~~~~~~~~ Error: processing vignette 'svaNUMT.Rmd' failed with diagnostics: could not find function "seqlevelsStyle<-" --- failed re-building 'svaNUMT.Rmd' SUMMARY: processing the following file failed: 'svaNUMT.Rmd' Error: Vignette re-building failed. Execution halted