############################################################################## ############################################################################## ### ### Running command: ### ### /Library/Frameworks/R.framework/Resources/bin/R CMD build --keep-empty-dirs --no-resave-data isomiRs ### ############################################################################## ############################################################################## * checking for file ‘isomiRs/DESCRIPTION’ ... OK * preparing ‘isomiRs’: * checking DESCRIPTION meta-information ... OK * installing the package to build vignettes * creating vignettes ... ERROR --- re-building ‘isomiRs.Rmd’ using rmarkdown 2025-07-14 16:43:25.352 R[52713:312622125] XType: Using static font registry. Quitting from isomiRs.Rmd:286-290 [mirna2targetscan] ~~~~~~~~~~~~~~~~~~~~~~~~~~~~~~~~~~~~~~~~~~~~~~~~~~~~~~~~~~~~~~~~~~~~~~~~~~~~~~~~ Error in `library()`: ! there is no package called 'targetscan.Hs.eg.db' --- Backtrace: ▆ 1. └─base::library(targetscan.Hs.eg.db) ~~~~~~~~~~~~~~~~~~~~~~~~~~~~~~~~~~~~~~~~~~~~~~~~~~~~~~~~~~~~~~~~~~~~~~~~~~~~~~~~ Error: processing vignette 'isomiRs.Rmd' failed with diagnostics: there is no package called 'targetscan.Hs.eg.db' --- failed re-building ‘isomiRs.Rmd’ SUMMARY: processing the following file failed: ‘isomiRs.Rmd’ Error: Vignette re-building failed. Execution halted