############################################################################## ############################################################################## ### ### Running command: ### ### /home/biocbuild/R/R/bin/R CMD build --keep-empty-dirs --no-resave-data enhancerHomologSearch ### ############################################################################## ############################################################################## * checking for file ‘enhancerHomologSearch/DESCRIPTION’ ... OK * preparing ‘enhancerHomologSearch’: * checking DESCRIPTION meta-information ... OK * cleaning src * installing the package to build vignettes * creating vignettes ... ERROR --- re-building ‘enhancerHomologSearch.Rmd’ using rmarkdown Quitting from enhancerHomologSearch.Rmd:19-36 [unnamed-chunk-1] ~~~~~~~~~~~~~~~~~~~~~~~~~~~~~~~~~~~~~~~~~~~~~~~~~~~~~~~~~~~~~~~~~~~~~~~~~~~~~~~~ Error in `library()`: ! there is no package called 'BSgenome.Mmusculus.UCSC.mm10' --- Backtrace: ▆ 1. ├─base::suppressPackageStartupMessages(...) 2. │ └─base::withCallingHandlers(expr, packageStartupMessage = function(c) tryInvokeRestart("muffleMessage")) 3. └─base::library(BSgenome.Mmusculus.UCSC.mm10) ~~~~~~~~~~~~~~~~~~~~~~~~~~~~~~~~~~~~~~~~~~~~~~~~~~~~~~~~~~~~~~~~~~~~~~~~~~~~~~~~ Error: processing vignette 'enhancerHomologSearch.Rmd' failed with diagnostics: there is no package called 'BSgenome.Mmusculus.UCSC.mm10' --- failed re-building ‘enhancerHomologSearch.Rmd’ SUMMARY: processing the following file failed: ‘enhancerHomologSearch.Rmd’ Error: Vignette re-building failed. Execution halted