############################################################################## ############################################################################## ### ### Running command: ### ### /Library/Frameworks/R.framework/Resources/bin/R CMD build --keep-empty-dirs --no-resave-data derfinder ### ############################################################################## ############################################################################## * checking for file ‘derfinder/DESCRIPTION’ ... OK * preparing ‘derfinder’: * checking DESCRIPTION meta-information ... OK * installing the package to build vignettes * creating vignettes ... ERROR --- re-building ‘derfinder-quickstart.Rmd’ using rmarkdown 2025-06-29 16:33:17.799 R[99043:73748137] XType: com.apple.fonts is not accessible. 2025-06-29 16:33:17.799 R[99043:73748137] XType: XTFontStaticRegistry is enabled. Quitting from derfinder-quickstart.Rmd:312-328 [nearestGene] ~~~~~~~~~~~~~~~~~~~~~~~~~~~~~~~~~~~~~~~~~~~~~~~~~~~~~~~~~~~~~~~~~~~~~~~~~~~~~~~~ Error in `keepSeqlevels()`: ! could not find function "keepSeqlevels" ~~~~~~~~~~~~~~~~~~~~~~~~~~~~~~~~~~~~~~~~~~~~~~~~~~~~~~~~~~~~~~~~~~~~~~~~~~~~~~~~ Error: processing vignette 'derfinder-quickstart.Rmd' failed with diagnostics: could not find function "keepSeqlevels" --- failed re-building ‘derfinder-quickstart.Rmd’ --- re-building ‘derfinder-users-guide.Rmd’ using rmarkdown Warning in in_dir(input_dir(), expr) : You changed the working directory to /private/tmp/RtmpXw7prH/Rbuild1777b4015110a/derfinder/vignettes/analysisResults (probably via setwd()). It will be restored to /private/tmp/RtmpXw7prH/Rbuild1777b4015110a/derfinder/vignettes. See the Note section in ?knitr::knit --- finished re-building ‘derfinder-users-guide.Rmd’ SUMMARY: processing the following file failed: ‘derfinder-quickstart.Rmd’ Error: Vignette re-building failed. Execution halted