############################################################################## ############################################################################## ### ### Running command: ### ### /home/biocbuild/R/R/bin/R CMD check --install=check:celda.install-out.txt --library=/home/biocbuild/R/R/site-library --no-vignettes --timings celda_1.25.0.tar.gz ### ############################################################################## ############################################################################## * using log directory ‘/home/biocbuild/bbs-3.22-bioc/meat/celda.Rcheck’ * using R version 4.5.0 (2025-04-11) * using platform: aarch64-unknown-linux-gnu * R was compiled by aarch64-unknown-linux-gnu-gcc (GCC) 14.2.0 GNU Fortran (GCC) 14.2.0 * running under: openEuler 24.03 (LTS) * using session charset: UTF-8 * using option ‘--no-vignettes’ * checking for file ‘celda/DESCRIPTION’ ... OK * this is package ‘celda’ version ‘1.25.0’ * package encoding: UTF-8 * checking package namespace information ... OK * checking package dependencies ... INFO Imports includes 32 non-default packages. Importing from so many packages makes the package vulnerable to any of them becoming unavailable. Move as many as possible to Suggests and use conditionally. * checking if this is a source package ... OK * checking if there is a namespace ... OK * checking for hidden files and directories ... OK * checking for portable file names ... OK * checking for sufficient/correct file permissions ... OK * checking whether package ‘celda’ can be installed ... WARNING Found the following significant warnings: /home/biocbuild/R/R-4.5.0/site-library/RcppEigen/include/Eigen/src/Core/arch/NEON/PacketMath.h:1671:9: warning: ‘void* memcpy(void*, const void*, size_t)’ copying an object of non-trivial type ‘Eigen::internal::Packet4c’ {aka ‘struct Eigen::internal::eigen_packet_wrapper’} from an array of ‘const int8_t’ {aka ‘const signed char’} [-Wclass-memaccess] /home/biocbuild/R/R-4.5.0/site-library/RcppEigen/include/Eigen/src/Core/arch/NEON/PacketMath.h:1716:9: warning: ‘void* memcpy(void*, const void*, size_t)’ copying an object of non-trivial type ‘Eigen::internal::Packet4c’ {aka ‘struct Eigen::internal::eigen_packet_wrapper’} from an array of ‘const int8_t’ {aka ‘const signed char’} [-Wclass-memaccess] See ‘/home/biocbuild/bbs-3.22-bioc/meat/celda.Rcheck/00install.out’ for details. * used C compiler: ‘aarch64-unknown-linux-gnu-gcc (GCC) 14.2.0’ * used C++ compiler: ‘aarch64-unknown-linux-gnu-g++ (GCC) 14.2.0’ * checking installed package size ... INFO installed size is 10.5Mb sub-directories of 1Mb or more: libs 8.9Mb * checking package directory ... OK * checking ‘build’ directory ... OK * checking DESCRIPTION meta-information ... OK * checking top-level files ... OK * checking for left-over files ... OK * checking index information ... OK * checking package subdirectories ... OK * checking code files for non-ASCII characters ... OK * checking R files for syntax errors ... OK * checking whether the package can be loaded ... OK * checking whether the package can be loaded with stated dependencies ... OK * checking whether the package can be unloaded cleanly ... OK * checking whether the namespace can be loaded with stated dependencies ... OK * checking whether the namespace can be unloaded cleanly ... OK * checking loading without being on the library search path ... OK * checking dependencies in R code ... OK * checking S3 generic/method consistency ... OK * checking replacement functions ... OK * checking foreign function calls ... OK * checking R code for possible problems ... NOTE .removeZeroVariance: no visible global function definition for ‘complete.cases’ .splitMetricIGpIGd: no visible global function definition for ‘model.matrix’ .splitMetricModF1: no visible global function definition for ‘model.matrix’ findMarkersTree: no visible global function definition for ‘Idents’ findMarkersTree: no visible global function definition for ‘RunUMAP’ findMarkersTree: no visible global function definition for ‘dendrapply’ plotDendro: no visible binding for global variable ‘xend’ plotDendro: no visible binding for global variable ‘y’ plotDendro: no visible binding for global variable ‘label’ plotMarkerHeatmap: no visible global function definition for ‘head’ plotMarkerHeatmap: no visible global function definition for ‘setNames’ Undefined global functions or variables: Idents RunUMAP complete.cases dendrapply head label model.matrix setNames xend y Consider adding importFrom("stats", "complete.cases", "dendrapply", "model.matrix", "setNames") importFrom("utils", "head") to your NAMESPACE file. * checking Rd files ... OK * checking Rd metadata ... OK * checking Rd cross-references ... NOTE Found the following Rd file(s) with Rd \link{} targets missing package anchors: bestLogLikelihood.Rd: SingleCellExperiment-class, altExp celdaClusters.Rd: SingleCellExperiment-class, altExp celdaGridSearch.Rd: SingleCellExperiment-class, assay, altExp, metadata celdaHeatmap.Rd: assay, altExp celdaModel.Rd: altExp celdaModules.Rd: SingleCellExperiment-class, altExp celdaProbabilityMap.Rd: assay, altExp celdaTsne.Rd: SingleCellExperiment-class, assay, altExp, reducedDim celdaUmap.Rd: assay, altExp, reducedDim celda_C.Rd: assay, altExp, SingleCellExperiment-class, metadata, colData celda_CG.Rd: assay, altExp, SingleCellExperiment-class, metadata, colData, rowData celda_G.Rd: assay, altExp, SingleCellExperiment-class, metadata, rowData celdatosce.Rd: SingleCellExperiment-class, assay, altExp, metadata, colData, rowData clusterProbability.Rd: SingleCellExperiment-class, assay, altExp decontX.Rd: SingleCellExperiment-class, Matrix decontXcounts.Rd: SingleCellExperiment-class, assay, assay<- factorizeMatrix.Rd: SingleCellExperiment-class, assay, altExp featureModuleLookup.Rd: SingleCellExperiment-class, altExp featureModuleTable.Rd: SingleCellExperiment-class, assay, altExp geneSetEnrich.Rd: SingleCellExperiment-class, assay, altExp logLikelihood.Rd: SingleCellExperiment-class, assay, altExp logLikelihoodHistory.Rd: SingleCellExperiment-class, altExp moduleHeatmap.Rd: SingleCellExperiment-class, assay, altExp perplexity.Rd: SingleCellExperiment-class, assay, altExp plotCeldaViolin.Rd: SingleCellExperiment-class, assay, altExp plotDecontXContamination.Rd: SingleCellExperiment-class plotDecontXMarkerExpression.Rd: SingleCellExperiment-class plotDecontXMarkerPercentage.Rd: SingleCellExperiment-class plotDimReduceCluster.Rd: SingleCellExperiment-class, altExp plotDimReduceFeature.Rd: SingleCellExperiment-class, assay, altExp, scale_colour_gradient2 plotDimReduceGrid.Rd: SingleCellExperiment-class, assay, altExp, scale_colour_gradient2 plotDimReduceModule.Rd: SingleCellExperiment-class, assay, altExp, scale_colour_gradient plotGridSearchPerplexity.Rd: SingleCellExperiment-class, altExp, geom_jitter plotRPC.Rd: SingleCellExperiment-class, altExp, geom_jitter recodeClusterY.Rd: SingleCellExperiment-class, rowData, altExp recodeClusterZ.Rd: SingleCellExperiment-class, colData, altExp recursiveSplitCell.Rd: SingleCellExperiment-class, assay, altExp, metadata recursiveSplitModule.Rd: SingleCellExperiment-class, assay, altExp, metadata reorderCelda.Rd: SingleCellExperiment-class, assay, altExp reportceldaCG.Rd: SingleCellExperiment-class, altExp, assay resList.Rd: SingleCellExperiment-class, altExp resamplePerplexity.Rd: SingleCellExperiment-class, assay, altExp retrieveFeatureIndex.Rd: SummarizedExperiment-class, SingleCellExperiment-class runParams.Rd: SingleCellExperiment-class, altExp sampleLabel.Rd: SingleCellExperiment-class, altExp sceCeldaC.Rd: SingleCellExperiment-class sceCeldaCG.Rd: SingleCellExperiment-class sceCeldaCGGridSearch.Rd: SingleCellExperiment-class sceCeldaG.Rd: SingleCellExperiment-class selectBestModel.Rd: SingleCellExperiment-class, altExp, metadata selectFeatures.Rd: SingleCellExperiment-class, altExp, assay, metadata simulateCells.Rd: SingleCellExperiment-class, metadata, colData, rowData splitModule.Rd: SingleCellExperiment-class, assay, altExp, rowData subsetCeldaList.Rd: SingleCellExperiment-class, altExp, metadata Please provide package anchors for all Rd \link{} targets not in the package itself and the base packages. * checking for missing documentation entries ... OK * checking for code/documentation mismatches ... OK * checking Rd \usage sections ... OK * checking Rd contents ... OK * checking for unstated dependencies in examples ... OK * checking contents of ‘data’ directory ... OK * checking data for non-ASCII characters ... OK * checking LazyData ... OK * checking data for ASCII and uncompressed saves ... OK * checking line endings in C/C++/Fortran sources/headers ... OK * checking line endings in Makefiles ... OK * checking compilation flags in Makevars ... OK * checking for GNU extensions in Makefiles ... OK * checking for portable use of $(BLAS_LIBS) and $(LAPACK_LIBS) ... OK * checking use of PKG_*FLAGS in Makefiles ... OK * checking compiled code ... NOTE Note: information on .o files is not available * checking files in ‘vignettes’ ... OK * checking examples ... OK Examples with CPU (user + system) or elapsed time > 5s user system elapsed geneSetEnrich 42.378 0.143 79.215 plotDimReduceGrid 23.880 0.053 24.004 findMarkersTree 21.056 0.150 21.667 plotDendro 20.579 0.163 21.195 plotMarkerHeatmap 20.399 0.247 21.106 recursiveSplitCell 18.926 0.088 19.000 decontX 12.480 0.217 12.738 recursiveSplitModule 12.206 0.076 12.294 plotDimReduceModule 10.869 0.037 10.934 plotDimReduceFeature 8.104 0.044 8.171 plotDimReduceCluster 7.548 0.005 7.568 celda_CG 6.370 0.125 6.517 moduleHeatmap 5.784 0.013 5.822 sceCeldaCG 5.268 0.021 5.288 sceCeldaCGGridSearch 0.393 0.000 64.006 * checking for unstated dependencies in ‘tests’ ... OK * checking tests ... Running ‘testthat.R’ OK * checking for unstated dependencies in vignettes ... OK * checking package vignettes ... OK * checking running R code from vignettes ... SKIPPED * checking re-building of vignette outputs ... SKIPPED * checking PDF version of manual ... OK * DONE Status: 1 WARNING, 3 NOTEs See ‘/home/biocbuild/bbs-3.22-bioc/meat/celda.Rcheck/00check.log’ for details.