############################################################################## ############################################################################## ### ### Running command: ### ### /home/biocbuild/R/R/bin/R CMD check --install=check:bandle.install-out.txt --library=/home/biocbuild/R/R/site-library --no-vignettes --timings bandle_1.13.0.tar.gz ### ############################################################################## ############################################################################## * using log directory ‘/home/biocbuild/bbs-3.22-bioc/meat/bandle.Rcheck’ * using R version 4.5.0 (2025-04-11) * using platform: aarch64-unknown-linux-gnu * R was compiled by aarch64-unknown-linux-gnu-gcc (GCC) 14.2.0 GNU Fortran (GCC) 14.2.0 * running under: openEuler 24.03 (LTS) * using session charset: UTF-8 * using option ‘--no-vignettes’ * checking for file ‘bandle/DESCRIPTION’ ... OK * checking extension type ... Package * this is package ‘bandle’ version ‘1.13.0’ * package encoding: UTF-8 * checking package namespace information ... OK * checking package dependencies ... OK * checking if this is a source package ... OK * checking if there is a namespace ... OK * checking for hidden files and directories ... OK * checking for portable file names ... OK * checking for sufficient/correct file permissions ... OK * checking whether package ‘bandle’ can be installed ... OK * used C++ compiler: ‘aarch64-unknown-linux-gnu-g++ (GCC) 14.2.0’ * checking C++ specification ... NOTE Specified C++14: please drop specification unless essential * checking installed package size ... INFO installed size is 8.0Mb sub-directories of 1Mb or more: libs 7.1Mb * checking package directory ... OK * checking ‘build’ directory ... OK * checking DESCRIPTION meta-information ... OK * checking top-level files ... OK * checking for left-over files ... OK * checking index information ... OK * checking package subdirectories ... OK * checking code files for non-ASCII characters ... OK * checking R files for syntax errors ... OK * checking whether the package can be loaded ... OK * checking whether the package can be loaded with stated dependencies ... OK * checking whether the package can be unloaded cleanly ... OK * checking whether the namespace can be loaded with stated dependencies ... OK * checking whether the namespace can be unloaded cleanly ... OK * checking loading without being on the library search path ... OK * checking dependencies in R code ... NOTE 'library' or 'require' call to ‘Biobase’ which was already attached by Depends. Please remove these calls from your code. ':::' call which should be '::': ‘dplyr:::summarise’ See the note in ?`:::` about the use of this operator. * checking S3 generic/method consistency ... OK * checking replacement functions ... OK * checking foreign function calls ... OK * checking R code for possible problems ... OK * checking Rd files ... OK * checking Rd metadata ... OK * checking Rd cross-references ... OK * checking for missing documentation entries ... OK * checking for code/documentation mismatches ... OK * checking Rd \usage sections ... WARNING Undocumented arguments in Rd file 'bandle_get_outliers.Rd' ‘params’ Documented arguments not in \usage in Rd file 'bandle_get_outliers.Rd': ‘x’ Functions with \usage entries need to have the appropriate \alias entries, and all their arguments documented. The \usage entries must correspond to syntactically valid R code. See chapter ‘Writing R documentation files’ in the ‘Writing R Extensions’ manual. * checking Rd contents ... NOTE Auto-generated content requiring editing in Rd file 'bandle-package.Rd': \details: ‘...o use the package, including the most important functions ~~’ \references: ‘~~ Literature or other references for background information ~~’ * checking for unstated dependencies in examples ... OK * checking line endings in C/C++/Fortran sources/headers ... OK * checking line endings in Makefiles ... OK * checking compilation flags in Makevars ... OK * checking for GNU extensions in Makefiles ... OK * checking for portable use of $(BLAS_LIBS) and $(LAPACK_LIBS) ... OK * checking use of PKG_*FLAGS in Makefiles ... OK * checking compiled code ... NOTE Note: information on .o files is not available * checking files in ‘vignettes’ ... OK * checking examples ... OK Examples with CPU (user + system) or elapsed time > 5s user system elapsed bandle-differentiallocalisation 44.187 0.287 52.788 bandle-gpfit 30.000 0.166 34.383 bandle 21.213 0.055 24.908 bandle-EFDR 17.299 0.187 20.113 bandle-plots-translocations 14.818 0.612 18.297 bandle-predict 15.121 0.187 16.433 bandle-process 14.491 0.068 16.376 bandle-plots-translocations-table 12.654 0.080 14.760 bandle-plots-convergence 12.125 0.032 13.373 bandle-plots-prob 11.297 0.052 16.816 calculateGelman 9.598 0.088 11.138 plotOutliers 9.496 0.096 10.992 bandle-prior 4.993 0.469 5.909 * checking for unstated dependencies in ‘tests’ ... OK * checking tests ... Running ‘spelling.R’ Running ‘testthat.R’ OK * checking for unstated dependencies in vignettes ... OK * checking package vignettes ... OK * checking running R code from vignettes ... SKIPPED * checking re-building of vignette outputs ... SKIPPED * checking PDF version of manual ... OK * DONE Status: 1 WARNING, 4 NOTEs See ‘/home/biocbuild/bbs-3.22-bioc/meat/bandle.Rcheck/00check.log’ for details.