############################################################################## ############################################################################## ### ### Running command: ### ### /Library/Frameworks/R.framework/Resources/bin/R CMD check --install=check:anglemania.install-out.txt --library=/Library/Frameworks/R.framework/Resources/library --no-vignettes --timings anglemania_0.99.6.tar.gz ### ############################################################################## ############################################################################## * using log directory ‘/Users/biocbuild/bbs-3.22-bioc/meat/anglemania.Rcheck’ * using R version 4.5.1 Patched (2025-09-10 r88807) * using platform: aarch64-apple-darwin20 * R was compiled by Apple clang version 16.0.0 (clang-1600.0.26.6) GNU Fortran (GCC) 14.2.0 * running under: macOS Ventura 13.7.7 * using session charset: UTF-8 * using option ‘--no-vignettes’ * checking for file ‘anglemania/DESCRIPTION’ ... OK * this is package ‘anglemania’ version ‘0.99.6’ * package encoding: UTF-8 * checking package namespace information ... OK * checking package dependencies ... OK * checking if this is a source package ... OK * checking if there is a namespace ... OK * checking for hidden files and directories ... OK * checking for portable file names ... OK * checking for sufficient/correct file permissions ... OK * checking whether package ‘anglemania’ can be installed ... ERROR Installation failed. See ‘/Users/biocbuild/bbs-3.22-bioc/meat/anglemania.Rcheck/00install.out’ for details. * DONE Status: 1 ERROR See ‘/Users/biocbuild/bbs-3.22-bioc/meat/anglemania.Rcheck/00check.log’ for details.