############################################################################## ############################################################################## ### ### Running command: ### ### /home/biocbuild/R/R/bin/R CMD check --install=check:MOSim.install-out.txt --library=/home/biocbuild/R/R/site-library --no-vignettes --timings MOSim_2.5.0.tar.gz ### ############################################################################## ############################################################################## * using log directory ‘/home/biocbuild/bbs-3.22-bioc/meat/MOSim.Rcheck’ * using R version 4.5.0 (2025-04-11) * using platform: aarch64-unknown-linux-gnu * R was compiled by aarch64-unknown-linux-gnu-gcc (GCC) 14.2.0 GNU Fortran (GCC) 14.2.0 * running under: openEuler 24.03 (LTS) * using session charset: UTF-8 * using option ‘--no-vignettes’ * checking for file ‘MOSim/DESCRIPTION’ ... OK * this is package ‘MOSim’ version ‘2.5.0’ * package encoding: UTF-8 * checking package namespace information ... OK * checking package dependencies ... OK * checking if this is a source package ... OK * checking if there is a namespace ... OK * checking for hidden files and directories ... OK * checking for portable file names ... OK * checking for sufficient/correct file permissions ... OK * checking whether package ‘MOSim’ can be installed ... WARNING Found the following significant warnings: Warning: multiple methods tables found for ‘seqnames’ Warning: replacing previous import ‘dplyr::count’ by ‘matrixStats::count’ when loading ‘MOSim’ See ‘/home/biocbuild/bbs-3.22-bioc/meat/MOSim.Rcheck/00install.out’ for details. * used C++ compiler: ‘aarch64-unknown-linux-gnu-g++ (GCC) 14.2.0’ * checking installed package size ... INFO installed size is 7.3Mb sub-directories of 1Mb or more: data 5.8Mb * checking package directory ... OK * checking ‘build’ directory ... OK * checking DESCRIPTION meta-information ... OK * checking top-level files ... OK * checking for left-over files ... OK * checking index information ... OK * checking package subdirectories ... OK * checking code files for non-ASCII characters ... OK * checking R files for syntax errors ... OK * checking whether the package can be loaded ... OK * checking whether the package can be loaded with stated dependencies ... OK * checking whether the package can be unloaded cleanly ... OK * checking whether the namespace can be loaded with stated dependencies ... OK * checking whether the namespace can be unloaded cleanly ... OK * checking loading without being on the library search path ... OK * checking whether startup messages can be suppressed ... NOTE No methods found in package ‘GenomeInfoDb’ for request: ‘merge’ when loading ‘Signac’ It looks like this package (or a package it requires) has a startup message which cannot be suppressed: see ?packageStartupMessage. * checking dependencies in R code ... OK * checking S3 generic/method consistency ... OK * checking replacement functions ... OK * checking foreign function calls ... OK * checking R code for possible problems ... NOTE make_association_dataframe : keep_remaining: no visible binding for global variable ‘Freq.a’ make_association_dataframe : keep_remaining: no visible binding for global variable ‘Freq.ao’ make_association_dataframe : keep_remaining: no visible binding for global variable ‘cluster’ make_association_dataframe : keep_remaining: no visible binding for global variable ‘Freq’ make_association_dataframe : keep_remaining2: no visible binding for global variable ‘Freq.a’ make_association_dataframe : keep_remaining2: no visible binding for global variable ‘Freq.ao’ make_association_dataframe : keep_remaining2: no visible binding for global variable ‘cluster’ make_association_dataframe : keep_remaining2: no visible binding for global variable ‘Freq’ make_association_dataframe: no visible binding for global variable ‘Peak_ID’ make_association_dataframe: no visible binding for global variable ‘Gene_ID’ Undefined global functions or variables: Freq Freq.a Freq.ao Gene_ID Peak_ID cluster * checking Rd files ... NOTE checkRd: (-1) TF_human.Rd:12: Lost braces; missing escapes or markup? 12 | @source {https://tflink.net/} | ^ checkRd: (-1) associationList.Rd:14: Lost braces; missing escapes or markup? 14 | @source {Created in-house to serve as an example} | ^ checkRd: (-1) sc_mosim.Rd:94: Lost braces; missing escapes or markup? 94 | {https://tflink.net/}} | ^ checkRd: (-1) scatac.Rd:14-15: Lost braces 14 | @source {https://github.com/satijalab/seurat-data, we took 11 cells | ^ checkRd: (-1) scrna.Rd:14-15: Lost braces 14 | @source {https://github.com/satijalab/seurat-data, we took 11 cells | ^ checkRd: (-1) scrna.Rd:23-28: Lost braces 23 | for (cell_type in unique_cell_types) { | ^ * checking Rd metadata ... OK * checking Rd cross-references ... OK * checking for missing documentation entries ... OK * checking for code/documentation mismatches ... OK * checking Rd \usage sections ... OK * checking Rd contents ... OK * checking for unstated dependencies in examples ... OK * checking contents of ‘data’ directory ... OK * checking data for non-ASCII characters ... OK * checking data for ASCII and uncompressed saves ... OK * checking line endings in C/C++/Fortran sources/headers ... OK * checking compiled code ... NOTE Note: information on .o files is not available * checking files in ‘vignettes’ ... OK * checking examples ... OK Examples with CPU (user + system) or elapsed time > 5s user system elapsed discretize 104.999 0.694 120.496 omicSettings 95.442 0.641 112.404 omicSim 89.294 0.184 98.023 plotProfile 88.731 0.286 106.198 mosim 74.393 0.244 82.878 experimentalDesign 73.805 0.310 89.270 omicResults 73.646 0.164 79.671 sc_mosim 38.082 0.215 46.209 sc_omicSettings 32.478 0.139 39.503 sc_omicResults 32.226 0.163 38.580 make_cluster_patterns 22.347 0.103 26.219 * checking for unstated dependencies in ‘tests’ ... OK * checking tests ... Running ‘testthat.R’ OK * checking for unstated dependencies in vignettes ... OK * checking package vignettes ... OK * checking running R code from vignettes ... SKIPPED * checking re-building of vignette outputs ... SKIPPED * checking PDF version of manual ... OK * DONE Status: 1 WARNING, 4 NOTEs See ‘/home/biocbuild/bbs-3.22-bioc/meat/MOSim.Rcheck/00check.log’ for details.