############################################################################## ############################################################################## ### ### Running command: ### ### /home/biocbuild/R/R/bin/R CMD build --keep-empty-dirs --no-resave-data GeDi ### ############################################################################## ############################################################################## * checking for file ‘GeDi/DESCRIPTION’ ... OK * preparing ‘GeDi’: * checking DESCRIPTION meta-information ... OK * installing the package to build vignettes * creating vignettes ... ERROR --- re-building ‘GeDi_manual.Rmd’ using rmarkdown Quitting from GeDi_manual.Rmd:172-193 [create_dds] ~~~~~~~~~~~~~~~~~~~~~~~~~~~~~~~~~~~~~~~~~~~~~~~~~~~~~~~~~~~~~~~~~~~~~~~~~~~~~~~~~~~~~~~~~~~~~~~~~~~~ Error in `library()`: ! there is no package called 'macrophage' --- Backtrace: ▆ 1. └─base::library("macrophage") ~~~~~~~~~~~~~~~~~~~~~~~~~~~~~~~~~~~~~~~~~~~~~~~~~~~~~~~~~~~~~~~~~~~~~~~~~~~~~~~~~~~~~~~~~~~~~~~~~~~~ Error: processing vignette 'GeDi_manual.Rmd' failed with diagnostics: there is no package called 'macrophage' --- failed re-building ‘GeDi_manual.Rmd’ SUMMARY: processing the following file failed: ‘GeDi_manual.Rmd’ Error: Vignette re-building failed. Execution halted