############################################################################## ############################################################################## ### ### Running command: ### ### chmod a+r zenith -R && F:\biocbuild\bbs-3.22-bioc\R\bin\R.exe CMD build --keep-empty-dirs --no-resave-data zenith ### ############################################################################## ############################################################################## * checking for file 'zenith/DESCRIPTION' ... OK * preparing 'zenith': * checking DESCRIPTION meta-information ... OK * installing the package to build vignettes * creating vignettes ... ERROR --- re-building 'loading_genesets.Rmd' using rmarkdown --- finished re-building 'loading_genesets.Rmd' --- re-building 'zenith.Rmd' using rmarkdown Quitting from zenith.Rmd:34-73 [standard] Error: processing vignette 'zenith.Rmd' failed with diagnostics: evaluation nested too deeply: infinite recursion / options(expressions=)? --- failed re-building 'zenith.Rmd' SUMMARY: processing the following file failed: 'zenith.Rmd' Error: Vignette re-building failed. Execution halted