############################################################################## ############################################################################## ### ### Running command: ### ### /Library/Frameworks/R.framework/Resources/bin/R CMD check --install=check:stPipe.install-out.txt --library=/Library/Frameworks/R.framework/Resources/library --no-vignettes --timings stPipe_1.0.0.tar.gz ### ############################################################################## ############################################################################## * using log directory ‘/Users/biocbuild/bbs-3.22-bioc/meat/stPipe.Rcheck’ * using R version 4.5.1 Patched (2025-09-10 r88807) * using platform: x86_64-apple-darwin20 * R was compiled by Apple clang version 14.0.0 (clang-1400.0.29.202) GNU Fortran (GCC) 14.2.0 * running under: macOS Monterey 12.7.6 * using session charset: UTF-8 * using option ‘--no-vignettes’ * checking for file ‘stPipe/DESCRIPTION’ ... OK * checking extension type ... Package * this is package ‘stPipe’ version ‘1.0.0’ * package encoding: UTF-8 * checking package namespace information ... OK * checking package dependencies ... INFO Imports includes 21 non-default packages. Importing from so many packages makes the package vulnerable to any of them becoming unavailable. Move as many as possible to Suggests and use conditionally. * checking if this is a source package ... OK * checking if there is a namespace ... OK * checking for hidden files and directories ... OK * checking for portable file names ... OK * checking for sufficient/correct file permissions ... OK * checking whether package ‘stPipe’ can be installed ... OK * used C++ compiler: ‘Apple clang version 14.0.0 (clang-1400.0.29.202)’ * used SDK: ‘MacOSX11.3.1.sdk’ * checking installed package size ... INFO installed size is 10.0Mb sub-directories of 1Mb or more: extdata 5.0Mb libs 4.9Mb * checking package directory ... OK * checking ‘build’ directory ... OK * checking DESCRIPTION meta-information ... OK * checking top-level files ... OK * checking for left-over files ... OK * checking index information ... OK * checking package subdirectories ... OK * checking code files for non-ASCII characters ... OK * checking R files for syntax errors ... OK * checking whether the package can be loaded ... OK * checking whether the package can be loaded with stated dependencies ... OK * checking whether the package can be unloaded cleanly ... OK * checking whether the namespace can be loaded with stated dependencies ... OK * checking whether the namespace can be unloaded cleanly ... OK * checking dependencies in R code ... NOTE Namespace in Imports field not imported from: ‘SummarizedExperiment’ All declared Imports should be used. There are ::: calls to the package's namespace in its code. A package almost never needs to use ::: for its own objects: ‘stPipe_env’ * checking S3 generic/method consistency ... OK * checking replacement functions ... OK * checking foreign function calls ... OK * checking R code for possible problems ... NOTE Run_Create_Obj: no visible global function definition for ‘new’ Run_Create_Obj: no visible global function definition for ‘rowData<-’ Run_Visualization: no visible global function definition for ‘reorder’ ref_pos: no visible global function definition for ‘read.csv’ Undefined global functions or variables: new read.csv reorder rowData<- Consider adding importFrom("methods", "new") importFrom("stats", "reorder") importFrom("utils", "read.csv") to your NAMESPACE file (and ensure that your DESCRIPTION Imports field contains 'methods'). * checking Rd files ... OK * checking Rd metadata ... OK * checking Rd cross-references ... OK * checking for missing documentation entries ... OK * checking for code/documentation mismatches ... OK * checking Rd \usage sections ... OK * checking Rd contents ... OK * checking for unstated dependencies in examples ... OK * checking line endings in C/C++/Fortran sources/headers ... OK * checking line endings in Makefiles ... OK * checking compilation flags in Makevars ... OK * checking for GNU extensions in Makefiles ... INFO GNU make is a SystemRequirements. * checking for portable use of $(BLAS_LIBS) and $(LAPACK_LIBS) ... OK * checking use of PKG_*FLAGS in Makefiles ... OK * checking compiled code ... WARNING Note: information on .o files is not available File ‘/Library/Frameworks/R.framework/Versions/4.5-x86_64/Resources/library/stPipe/libs/stPipe.so’: Found ‘__ZNSt3__14cerrE’, possibly from ‘std::cerr’ (C++) Found ‘___sprintf_chk’, possibly from ‘sprintf’ (C) Found ‘___stderrp’, possibly from ‘stderr’ (C) Found ‘___stdoutp’, possibly from ‘stdout’ (C) Found ‘_abort’, possibly from ‘abort’ (C) Found ‘_exit’, possibly from ‘exit’ (C) Found ‘_rand_r’, possibly from ‘rand_r’ (C) Found ‘_sprintf’, possibly from ‘sprintf’ (C) Compiled code should not call entry points which might terminate R nor write to stdout/stderr instead of to the console, nor use Fortran I/O nor system RNGs nor [v]sprintf. The detected symbols are linked into the code but might come from libraries and not actually be called. See ‘Writing portable packages’ in the ‘Writing R Extensions’ manual. * checking files in ‘vignettes’ ... OK * checking examples ... OK Examples with CPU (user + system) or elapsed time > 5s user system elapsed Run_ST 337.117 255.433 618.833 * checking for unstated dependencies in ‘tests’ ... OK * checking tests ... Running ‘testthat.R’ OK * checking for unstated dependencies in vignettes ... OK * checking package vignettes ... OK * checking running R code from vignettes ... SKIPPED * checking re-building of vignette outputs ... SKIPPED * checking PDF version of manual ... OK * DONE Status: 1 WARNING, 2 NOTEs See ‘/Users/biocbuild/bbs-3.22-bioc/meat/stPipe.Rcheck/00check.log’ for details.