############################################################################## ############################################################################## ### ### Running command: ### ### /home/biocbuild/R/R/bin/R CMD check --install=check:cellmig.install-out.txt --library=/home/biocbuild/R/R/site-library --no-vignettes --timings cellmig_1.0.0.tar.gz ### ############################################################################## ############################################################################## * using log directory ‘/home/biocbuild/bbs-3.22-bioc/meat/cellmig.Rcheck’ * using R version 4.5.0 (2025-04-11) * using platform: aarch64-unknown-linux-gnu * R was compiled by aarch64-unknown-linux-gnu-gcc (GCC) 14.2.0 GNU Fortran (GCC) 14.2.0 * running under: openEuler 24.03 (LTS) * using session charset: UTF-8 * using option ‘--no-vignettes’ * checking for file ‘cellmig/DESCRIPTION’ ... OK * checking extension type ... Package * this is package ‘cellmig’ version ‘1.0.0’ * package encoding: UTF-8 * checking package namespace information ... OK * checking package dependencies ... OK * checking if this is a source package ... OK * checking if there is a namespace ... OK * checking for hidden files and directories ... OK * checking for portable file names ... OK * checking for sufficient/correct file permissions ... OK * checking whether package ‘cellmig’ can be installed ... WARNING Found the following significant warnings: /home/biocbuild/R/R-4.5.0/site-library/RcppEigen/include/Eigen/src/Core/arch/NEON/PacketMath.h:1671:9: warning: ‘void* memcpy(void*, const void*, size_t)’ copying an object of non-trivial type ‘Eigen::internal::Packet4c’ {aka ‘struct Eigen::internal::eigen_packet_wrapper’} from an array of ‘const int8_t’ {aka ‘const signed char’} [-Wclass-memaccess] /home/biocbuild/R/R-4.5.0/site-library/RcppEigen/include/Eigen/src/Core/arch/NEON/PacketMath.h:1716:9: warning: ‘void* memcpy(void*, const void*, size_t)’ copying an object of non-trivial type ‘Eigen::internal::Packet4c’ {aka ‘struct Eigen::internal::eigen_packet_wrapper’} from an array of ‘const int8_t’ {aka ‘const signed char’} [-Wclass-memaccess] See ‘/home/biocbuild/bbs-3.22-bioc/meat/cellmig.Rcheck/00install.out’ for details. * used C++ compiler: ‘aarch64-unknown-linux-gnu-g++ (GCC) 14.2.0’ * checking C++ specification ... OK * checking installed package size ... INFO installed size is 80.9Mb sub-directories of 1Mb or more: extdata 3.2Mb libs 77.2Mb * checking package directory ... OK * checking ‘build’ directory ... OK * checking DESCRIPTION meta-information ... OK * checking top-level files ... OK * checking for left-over files ... OK * checking index information ... OK * checking package subdirectories ... OK * checking code files for non-ASCII characters ... OK * checking R files for syntax errors ... OK * checking whether the package can be loaded ... OK * checking whether the package can be loaded with stated dependencies ... OK * checking whether the package can be unloaded cleanly ... OK * checking whether the namespace can be loaded with stated dependencies ... OK * checking whether the namespace can be unloaded cleanly ... OK * checking loading without being on the library search path ... OK * checking dependencies in R code ... NOTE Namespace in Imports field not imported from: ‘base’ All declared Imports should be used. * checking S3 generic/method consistency ... OK * checking replacement functions ... OK * checking foreign function calls ... OK * checking R code for possible problems ... NOTE gen_partial: no visible binding for global variable ‘delta’ get_dose_response_profile: no visible binding for global variable ‘isTip’ get_dose_response_profile: no visible binding for global variable ‘label’ get_dose_response_profile: no visible binding for global variable ‘dose’ get_dose_response_profile: no visible binding for global variable ‘X2.5.’ get_dose_response_profile: no visible binding for global variable ‘X97.5.’ get_pairs: no visible binding for global variable ‘group_x’ get_pairs: no visible binding for global variable ‘group_y’ get_pairs: no visible binding for global variable ‘rho_M’ get_pairs: no visible binding for global variable ‘rho_M_exp’ get_ppc_means: no visible binding for global variable ‘v’ get_ppc_means: no visible binding for global variable ‘X2.5.’ get_ppc_means: no visible binding for global variable ‘X97.5.’ get_ppc_violins: no visible binding for global variable ‘dose’ get_ppc_violins: no visible binding for global variable ‘v’ get_ppc_violins: no visible binding for global variable ‘well’ get_ppc_violins: no visible binding for global variable ‘yhat’ get_treatment_profile: no visible binding for global variable ‘isTip’ get_treatment_profile: no visible binding for global variable ‘label’ get_violins: no visible binding for global variable ‘dose’ get_violins: no visible binding for global variable ‘rho’ Undefined global functions or variables: X2.5. X97.5. delta dose group_x group_y isTip label rho rho_M rho_M_exp v well yhat * checking Rd files ... OK * checking Rd metadata ... OK * checking Rd cross-references ... OK * checking for missing documentation entries ... OK * checking for code/documentation mismatches ... OK * checking Rd \usage sections ... OK * checking Rd contents ... OK * checking for unstated dependencies in examples ... OK * checking contents of ‘data’ directory ... OK * checking data for non-ASCII characters ... OK * checking data for ASCII and uncompressed saves ... OK * checking line endings in shell scripts ... OK * checking line endings in C/C++/Fortran sources/headers ... OK * checking line endings in Makefiles ... OK * checking compilation flags in Makevars ... OK * checking for GNU extensions in Makefiles ... INFO GNU make is a SystemRequirements. * checking for portable use of $(BLAS_LIBS) and $(LAPACK_LIBS) ... OK * checking use of PKG_*FLAGS in Makefiles ... OK * checking compiled code ... NOTE Note: information on .o files is not available * checking files in ‘vignettes’ ... OK * checking examples ... OK Examples with CPU (user + system) or elapsed time > 5s user system elapsed cellmig 191.849 1.956 132.525 cellmig-package 190.853 1.658 130.406 get_dose_response_profile 171.189 0.930 118.677 get_treatment_profile 164.035 1.430 112.822 ppc_violin 41.264 1.229 33.092 get_pairs 35.791 0.821 27.540 ppc_means 34.706 1.865 27.710 get_violins 35.103 1.104 27.161 get_groups 34.946 1.147 26.939 * checking for unstated dependencies in ‘tests’ ... OK * checking tests ... Running ‘testthat.R’ OK * checking for unstated dependencies in vignettes ... OK * checking package vignettes ... OK * checking running R code from vignettes ... SKIPPED * checking re-building of vignette outputs ... SKIPPED * checking PDF version of manual ... OK * DONE Status: 1 WARNING, 3 NOTEs See ‘/home/biocbuild/bbs-3.22-bioc/meat/cellmig.Rcheck/00check.log’ for details.