############################################################################## ############################################################################## ### ### Running command: ### ### /Library/Frameworks/R.framework/Resources/bin/R CMD build --keep-empty-dirs --no-resave-data HPiP ### ############################################################################## ############################################################################## * checking for file ‘HPiP/DESCRIPTION’ ... OK * preparing ‘HPiP’: * checking DESCRIPTION meta-information ... OK * installing the package to build vignettes * creating vignettes ... ERROR --- re-building ‘HPiP_tutorial.Rmd’ using rmarkdown 2025-10-16 18:16:07.347 R[13057:559138312] XType: com.apple.fonts is not accessible. 2025-10-16 18:16:07.352 R[13057:559138312] XType: XTFontStaticRegistry is enabled. Quitting from HPiP_tutorial.Rmd:1123-1133 [unnamed-chunk-57] ~~~~~~~~~~~~~~~~~~~~~~~~~~~~~~~~~~~~~~~~~~~~~~~~~~~~~~~~~~~~~~~~~~~~~~~~~~~~~~~~ NULL ~~~~~~~~~~~~~~~~~~~~~~~~~~~~~~~~~~~~~~~~~~~~~~~~~~~~~~~~~~~~~~~~~~~~~~~~~~~~~~~~ Error: processing vignette 'HPiP_tutorial.Rmd' failed with diagnostics: Problem while converting geom to grob. ℹ Error occurred in the 3rd layer. Caused by error in `UseMethod()`: ! no applicable method for 'rescale' applied to an object of class "c('simpleUnit', 'unit', 'unit_v2')" --- failed re-building ‘HPiP_tutorial.Rmd’ SUMMARY: processing the following file failed: ‘HPiP_tutorial.Rmd’ Error: Vignette re-building failed. Execution halted