############################################################################## ############################################################################## ### ### Running command: ### ### /home/biocbuild/bbs-3.22-bioc/R/bin/R CMD check --install=check:BiocPkgTools.install-out.txt --library=/home/biocbuild/bbs-3.22-bioc/R/site-library --timings BiocPkgTools_1.28.1.tar.gz ### ############################################################################## ############################################################################## * using log directory ‘/home/biocbuild/bbs-3.22-bioc/meat/BiocPkgTools.Rcheck’ * using R version 4.5.2 (2025-10-31) * using platform: x86_64-pc-linux-gnu * R was compiled by gcc (Ubuntu 13.3.0-6ubuntu2~24.04) 13.3.0 GNU Fortran (Ubuntu 13.3.0-6ubuntu2~24.04) 13.3.0 * running under: Ubuntu 24.04.3 LTS * using session charset: UTF-8 * checking for file ‘BiocPkgTools/DESCRIPTION’ ... OK * checking extension type ... Package * this is package ‘BiocPkgTools’ version ‘1.28.1’ * package encoding: UTF-8 * checking package namespace information ... OK * checking package dependencies ... INFO Imports includes 25 non-default packages. Importing from so many packages makes the package vulnerable to any of them becoming unavailable. Move as many as possible to Suggests and use conditionally. * checking if this is a source package ... OK * checking if there is a namespace ... OK * checking for hidden files and directories ... OK * checking for portable file names ... OK * checking for sufficient/correct file permissions ... OK * checking whether package ‘BiocPkgTools’ can be installed ... OK * checking installed package size ... OK * checking package directory ... OK * checking ‘build’ directory ... OK * checking DESCRIPTION meta-information ... NOTE License stub is invalid DCF. * checking top-level files ... OK * checking for left-over files ... OK * checking index information ... OK * checking package subdirectories ... OK * checking code files for non-ASCII characters ... OK * checking R files for syntax errors ... OK * checking whether the package can be loaded ... OK * checking whether the package can be loaded with stated dependencies ... OK * checking whether the package can be unloaded cleanly ... OK * checking whether the namespace can be loaded with stated dependencies ... OK * checking whether the namespace can be unloaded cleanly ... OK * checking loading without being on the library search path ... OK * checking dependencies in R code ... NOTE Unexported objects imported by ':::' calls: ‘BiocManager:::.repositories’ ‘BiocManager:::.repositories_bioc’ ‘BiocManager:::.repository_container_version’ ‘BiocManager:::.version_bioc’ See the note in ?`:::` about the use of this operator. * checking S3 generic/method consistency ... OK * checking replacement functions ... OK * checking foreign function calls ... OK * checking R code for possible problems ... OK * checking Rd files ... OK * checking Rd metadata ... OK * checking Rd cross-references ... OK * checking for missing documentation entries ... OK * checking for code/documentation mismatches ... OK * checking Rd \usage sections ... OK * checking Rd contents ... OK * checking for unstated dependencies in examples ... OK * checking files in ‘vignettes’ ... OK * checking examples ... ERROR Running examples in ‘BiocPkgTools-Ex.R’ failed The error most likely occurred in: > base::assign(".ptime", proc.time(), pos = "CheckExEnv") > ### Name: biocRevDepEmail > ### Title: Notify downstream maintainers of changes in upstream packages > ### Aliases: biocRevDepEmail > > ### ** Examples > > > biocRevDepEmail( + "FindMyFriends", version = "3.13", dry.run = TRUE, textOnly = TRUE + ) Provide your full name: What is your core-team email? What is your employee ID (e.g., AB12345, leave blank if N/A)? Saved data to: /home/biocbuild/.cache/R/BiocPkgTools Error in biocPkgList(version = version) : 'version' is not 'release', 'devel', or a valid 'package_version' Calls: biocRevDepEmail -> biocPkgList Execution halted Examples with CPU (user + system) or elapsed time > 5s user system elapsed biocBuildReport 14.396 8.861 27.096 biocDownloadStats 12.262 0.359 13.873 biocMaintained 5.361 0.095 5.583 anacondaDownloadStats 4.011 0.109 6.105 * checking for unstated dependencies in ‘tests’ ... OK * checking tests ... Running ‘testthat.R’ ERROR Running the tests in ‘tests/testthat.R’ failed. Last 13 lines of output: downloaded 1.3 MB [ FAIL 1 | WARN 0 | SKIP 0 | PASS 28 ] ══ Failed tests ════════════════════════════════════════════════════════════════ ── Error ('test_biocBuildReport.R:8:5'): columns are consistent in report output ── Error in `biocBuildReport("3.12")`: 'version' is not 'release', 'devel', or a valid 'package_version' Backtrace: ▆ 1. └─BiocPkgTools::biocBuildReport("3.12") at test_biocBuildReport.R:8:5 [ FAIL 1 | WARN 0 | SKIP 0 | PASS 28 ] Error: ! Test failures. Execution halted * checking for unstated dependencies in vignettes ... OK * checking package vignettes ... OK * checking re-building of vignette outputs ... OK * checking PDF version of manual ... OK * DONE Status: 2 ERRORs, 2 NOTEs See ‘/home/biocbuild/bbs-3.22-bioc/meat/BiocPkgTools.Rcheck/00check.log’ for details.