############################################################################## ############################################################################## ### ### Running command: ### ### /Library/Frameworks/R.framework/Resources/bin/R CMD build --keep-empty-dirs --no-resave-data rigvf ### ############################################################################## ############################################################################## * checking for file ‘rigvf/DESCRIPTION’ ... OK * preparing ‘rigvf’: * checking DESCRIPTION meta-information ... OK * installing the package to build vignettes * creating vignettes ... ERROR --- re-building ‘rigvf.Rmd’ using rmarkdown Quitting from rigvf.Rmd:72-75 [unnamed-chunk-2] ~~~~~~~~~~~~~~~~~~~~~~~~~~~~~~~~~~~~~~~~~~~~~~~~~~~~~~~~~~~~~~~~~~~~~~~~~~~~~~~~ NULL ~~~~~~~~~~~~~~~~~~~~~~~~~~~~~~~~~~~~~~~~~~~~~~~~~~~~~~~~~~~~~~~~~~~~~~~~~~~~~~~~ Error: processing vignette 'rigvf.Rmd' failed with diagnostics: HTTP 504 Gateway Timeout. --- failed re-building ‘rigvf.Rmd’ SUMMARY: processing the following file failed: ‘rigvf.Rmd’ Error: Vignette re-building failed. Execution halted