############################################################################## ############################################################################## ### ### Running command: ### ### /home/biocbuild/R/R/bin/R CMD build --keep-empty-dirs --no-resave-data rawDiag ### ############################################################################## ############################################################################## * checking for file ‘rawDiag/DESCRIPTION’ ... OK * preparing ‘rawDiag’: * checking DESCRIPTION meta-information ... OK * installing the package to build vignettes * creating vignettes ... ERROR --- re-building ‘rawDiag.Rmd’ using rmarkdown sh: line 1: /home/biocbuild/.cache/R/rawrr/rawrrassembly/linux-x64/rawrr: cannot execute binary file: Exec format error Quitting from rawDiag.Rmd:167-172 [checkInstallRequirements] ~~~~~~~~~~~~~~~~~~~~~~~~~~~~~~~~~~~~~~~~~~~~~~~~~~~~~~~~~~~~~~~~~~~~~~~~~~~~~~~~ Error in `if (rvs != "No RAW file specified!") ...`: ! argument is of length zero --- Backtrace: ▆ 1. └─rawDiag::checkRawrr() 2. ├─base::isFALSE(rawrr:::.isAssemblyWorking()) 3. └─rawrr:::.isAssemblyWorking() ~~~~~~~~~~~~~~~~~~~~~~~~~~~~~~~~~~~~~~~~~~~~~~~~~~~~~~~~~~~~~~~~~~~~~~~~~~~~~~~~ Error: processing vignette 'rawDiag.Rmd' failed with diagnostics: argument is of length zero --- failed re-building ‘rawDiag.Rmd’ SUMMARY: processing the following file failed: ‘rawDiag.Rmd’ Error: Vignette re-building failed. Execution halted