############################################################################## ############################################################################## ### ### Running command: ### ### /Library/Frameworks/R.framework/Resources/bin/R CMD check --install=check:multiWGCNA.install-out.txt --library=/Library/Frameworks/R.framework/Resources/library --no-vignettes --timings multiWGCNA_1.6.0.tar.gz ### ############################################################################## ############################################################################## * using log directory ‘/Users/biocbuild/bbs-3.21-bioc/meat/multiWGCNA.Rcheck’ * using R version 4.5.1 RC (2025-06-05 r88288) * using platform: x86_64-apple-darwin20 * R was compiled by Apple clang version 14.0.0 (clang-1400.0.29.202) GNU Fortran (GCC) 14.2.0 * running under: macOS Monterey 12.7.6 * using session charset: UTF-8 * using option ‘--no-vignettes’ * checking for file ‘multiWGCNA/DESCRIPTION’ ... OK * checking extension type ... Package * this is package ‘multiWGCNA’ version ‘1.6.0’ * package encoding: UTF-8 * checking package namespace information ... OK * checking package dependencies ... OK * checking if this is a source package ... OK * checking if there is a namespace ... OK * checking for hidden files and directories ... OK * checking for portable file names ... OK * checking for sufficient/correct file permissions ... OK * checking whether package ‘multiWGCNA’ can be installed ... OK * checking installed package size ... OK * checking package directory ... OK * checking ‘build’ directory ... OK * checking DESCRIPTION meta-information ... OK * checking top-level files ... OK * checking for left-over files ... OK * checking index information ... OK * checking package subdirectories ... OK * checking code files for non-ASCII characters ... OK * checking R files for syntax errors ... OK * checking whether the package can be loaded ... OK * checking whether the package can be loaded with stated dependencies ... OK * checking whether the package can be unloaded cleanly ... OK * checking whether the namespace can be loaded with stated dependencies ... OK * checking whether the namespace can be unloaded cleanly ... OK * checking dependencies in R code ... OK * checking S3 generic/method consistency ... OK * checking replacement functions ... OK * checking foreign function calls ... OK * checking R code for possible problems ... NOTE TOMFlowPlot: no visible global function definition for ‘as.dist’ TOMFlowPlot: no visible binding for global variable ‘module’ TOMFlowPlot: no visible binding for global variable ‘Count’ TOMFlowPlot: no visible binding for global variable ‘one.gene’ TOMFlowPlot: no visible binding for global variable ‘two.gene’ TOMFlowPlot: no visible binding for global variable ‘stratum’ bidirectionalBestMatches: no visible binding for global variable ‘mod1’ bidirectionalBestMatches: no visible binding for global variable ‘mod2’ bidirectionalBestMatches: no visible binding for global variable ‘overlap’ coexpressionLineGraph: no visible binding for global variable ‘Var1’ coexpressionLineGraph: no visible binding for global variable ‘value’ coexpressionLineGraph: no visible binding for global variable ‘Var2’ computeOverlapsFromWGCNA: no visible binding for global variable ‘mod1’ computeOverlapsFromWGCNA: no visible binding for global variable ‘mod2’ continuousFlowPlot: no visible global function definition for ‘ulist’ continuousFlowPlot: no visible binding for global variable ‘uniqueSortedData’ continuousFlowPlot: no visible binding for global variable ‘stratum’ continuousFlowPlot: no visible global function definition for ‘error’ correlationComparisonBoxplot: no visible binding for global variable ‘Status’ correlationComparisonBoxplot: no visible binding for global variable ‘Correlation’ correlationComparisonHeatmaps: no visible binding for global variable ‘Var1’ correlationComparisonHeatmaps: no visible binding for global variable ‘Var2’ correlationComparisonHeatmaps: no visible binding for global variable ‘value’ diffCoexpression: no visible binding for global variable ‘layout_with_fr’ diffCoexpression: no visible binding for global variable ‘p.adj’ diffModuleExpression: no visible binding for global variable ‘Sample’ drawNetwork: no visible binding for global variable ‘layout_with_fr’ expressionHeatmap: no visible binding for global variable ‘Sample’ expressionHeatmap: no visible binding for global variable ‘Gene’ expressionHeatmap: no visible binding for global variable ‘Zscore’ findOutlierModules: no visible global function definition for ‘zScoreMatrix’ getPreservation: no visible binding for global variable ‘name2’ moduleComparisonPlot: no visible binding for global variable ‘overlap’ moduleComparisonPlot: no visible binding for global variable ‘mod1’ moduleComparisonPlot: no visible binding for global variable ‘mod2’ moduleComparisonPlot: no visible binding for global variable ‘p.adj’ moduleComparisonPlot: no visible binding for global variable ‘stratum’ moduleExpressionPlot: no visible binding for global variable ‘Sample’ moduleExpressionPlot: no visible binding for global variable ‘Expression’ moduleToModuleHeatmap: no visible binding for global variable ‘mod1’ moduleToModuleHeatmap: no visible binding for global variable ‘mod2’ moduleToModuleHeatmap: no visible binding for global variable ‘p.adj’ moduleToModuleHeatmap: no visible binding for global variable ‘overlap’ preservationComparisonPlot: no visible binding for global variable ‘log10Pvalue’ preservationComparisonPlot: no visible binding for global variable ‘Zsum’ preservationComparisonPlot: no visible binding for global variable ‘trait’ preservationComparisonPlot: no visible binding for global variable ‘Module’ topNGenes: no visible binding for global variable ‘kWithin’ Undefined global functions or variables: Correlation Count Expression Gene Module Sample Status Var1 Var2 Zscore Zsum as.dist error kWithin layout_with_fr log10Pvalue mod1 mod2 module name2 one.gene overlap p.adj stratum trait two.gene ulist uniqueSortedData value zScoreMatrix Consider adding importFrom("stats", "as.dist") to your NAMESPACE file. * checking Rd files ... OK * checking Rd metadata ... OK * checking Rd cross-references ... OK * checking for missing documentation entries ... OK * checking for code/documentation mismatches ... OK * checking Rd \usage sections ... OK * checking Rd contents ... OK * checking for unstated dependencies in examples ... OK * checking contents of ‘data’ directory ... OK * checking data for non-ASCII characters ... OK * checking LazyData ... OK * checking data for ASCII and uncompressed saves ... OK * checking files in ‘vignettes’ ... OK * checking examples ... ERROR Running examples in ‘multiWGCNA-Ex.R’ failed The error most likely occurred in: > base::assign(".ptime", proc.time(), pos = "CheckExEnv") > ### Name: diffCoexpression > ### Title: Differential co-expresison analysis > ### Aliases: diffCoexpression > > ### ** Examples > > library(ExperimentHub) Loading required package: BiocGenerics Loading required package: generics Attaching package: ‘generics’ The following objects are masked from ‘package:base’: as.difftime, as.factor, as.ordered, intersect, is.element, setdiff, setequal, union Attaching package: ‘BiocGenerics’ The following objects are masked from ‘package:stats’: IQR, mad, sd, var, xtabs The following objects are masked from ‘package:base’: Filter, Find, Map, Position, Reduce, anyDuplicated, aperm, append, as.data.frame, basename, cbind, colnames, dirname, do.call, duplicated, eval, evalq, get, grep, grepl, is.unsorted, lapply, mapply, match, mget, order, paste, pmax, pmax.int, pmin, pmin.int, rank, rbind, rownames, sapply, saveRDS, table, tapply, unique, unsplit, which.max, which.min Loading required package: AnnotationHub Loading required package: BiocFileCache Loading required package: dbplyr > eh = ExperimentHub() > eh_query = query(eh, c("multiWGCNAdata")) > astrocyte_se = eh_query[["EH8223"]] multiWGCNAdata not installed. Full functionality, documentation, and loading of data might not be possible without installing loading from cache require(“SummarizedExperiment”) > datExpr = assays(astrocyte_se)[[1]] > diffCoexpression(datExpr, c(rep(1,20), rep(2,16)), + geneList = c("Gfap", "Vim", "Aspg", "Serpina3n", "Cp", "Osmr", "Cd44", + "Cxcl10", "Hspb1", "Timp1", "S1pr3", "Steap4", "Lcn2")) Error in `igraph::graph_from_adjacency_matrix()`: ! Cannot create a graph object because the adjacency matrix contains NAs. Backtrace: ▆ 1. └─multiWGCNA::diffCoexpression(...) 2. └─igraph::graph_from_adjacency_matrix(adj_mat, mode = "undirected", weighted = TRUE) 3. └─igraph:::ensure_no_na(adjmatrix, "adjacency matrix") 4. └─cli::cli_abort(...) 5. └─rlang::abort(...) Execution halted Examples with CPU (user + system) or elapsed time > 5s user system elapsed constructNetworks 42.882 0.410 43.756 GetDatExpr 9.304 1.603 11.387 bidirectionalBestMatches 6.205 0.338 6.729 cleanDatExpr 3.829 1.741 5.913 computeOverlapsFromWGCNA 4.664 0.718 5.564 coexpressionLineGraph 4.778 0.289 5.285 * checking for unstated dependencies in ‘tests’ ... OK * checking tests ... Running ‘testthat.R’ OK * checking for unstated dependencies in vignettes ... OK * checking package vignettes ... OK * checking running R code from vignettes ... SKIPPED * checking re-building of vignette outputs ... SKIPPED * checking PDF version of manual ... OK * DONE Status: 1 ERROR, 1 NOTE See ‘/Users/biocbuild/bbs-3.21-bioc/meat/multiWGCNA.Rcheck/00check.log’ for details.