############################################################################## ############################################################################## ### ### Running command: ### ### /Library/Frameworks/R.framework/Resources/bin/R CMD check --install=check:decoupleR.install-out.txt --library=/Library/Frameworks/R.framework/Resources/library --no-vignettes --timings decoupleR_2.14.0.tar.gz ### ############################################################################## ############################################################################## * using log directory ‘/Users/biocbuild/bbs-3.21-bioc/meat/decoupleR.Rcheck’ * using R version 4.5.1 RC (2025-06-05 r88288) * using platform: x86_64-apple-darwin20 * R was compiled by Apple clang version 14.0.0 (clang-1400.0.29.202) GNU Fortran (GCC) 14.2.0 * running under: macOS Monterey 12.7.6 * using session charset: UTF-8 * using option ‘--no-vignettes’ * checking for file ‘decoupleR/DESCRIPTION’ ... OK * checking extension type ... Package * this is package ‘decoupleR’ version ‘2.14.0’ * package encoding: UTF-8 * checking package namespace information ... OK * checking package dependencies ... OK * checking if this is a source package ... OK * checking if there is a namespace ... OK * checking for hidden files and directories ... OK * checking for portable file names ... OK * checking for sufficient/correct file permissions ... OK * checking whether package ‘decoupleR’ can be installed ... OK * checking installed package size ... OK * checking package directory ... OK * checking ‘build’ directory ... OK * checking DESCRIPTION meta-information ... OK * checking top-level files ... OK * checking for left-over files ... OK * checking index information ... OK * checking package subdirectories ... OK * checking code files for non-ASCII characters ... OK * checking R files for syntax errors ... OK * checking whether the package can be loaded ... OK * checking whether the package can be loaded with stated dependencies ... OK * checking whether the package can be unloaded cleanly ... OK * checking whether the namespace can be loaded with stated dependencies ... OK * checking whether the namespace can be unloaded cleanly ... OK * checking dependencies in R code ... NOTE [2025-10-14 02:34:14] [TRACE] [OmnipathR] Reading JSON from `/Users/biocbuild/Library/Caches/OmnipathR/cache.json` (encoding: UTF-8). [2025-10-14 02:34:14] [TRACE] [OmnipathR] JSON validation successful: TRUE [2025-10-14 02:34:14] [INFO] [OmnipathR] Initialized cache: `/Users/biocbuild/Library/Caches/OmnipathR`. [2025-10-14 02:34:14] [INFO] [OmnipathR] Package `OmnipathR` packaged: NA [2025-10-14 02:34:14] [INFO] [OmnipathR] Package `OmnipathR` date/publication: 2025-10-13 [2025-10-14 02:34:14] [INFO] [OmnipathR] Package `OmnipathR` built: R 4.5.1; ; 2025-10-13 19:16:02 UTC; unix [2025-10-14 02:34:14] [INFO] [OmnipathR] Package `OmnipathR` version: 3.16.2 [2025-10-14 02:34:14] [INFO] [OmnipathR] Package `OmnipathR` repository: Bioconductor 3.21 [2025-10-14 02:34:15] [INFO] [OmnipathR] Session info: [version=R version 4.5.1 RC (2025-06-05 r88288); os=macOS Monterey 12.7.6; system=x86_64, darwin20; ui=X11; language=(EN); collate=C; ctype=en_US.UTF-8; tz=America/New_York; date=2025-10-14; pandoc=2.7.3 @ /usr/local/bin/ (via rmarkdown); quarto=1.4.553 @ /usr/local/bin/quarto] [2025-10-14 02:34:16] [INFO] [OmnipathR] External libraries: [cairo=1.17.6; cairoFT=; pango=1.50.14; png=1.6.44; jpeg=9.5; tiff=LIBTIFF, Version 4.5.0; tcl=8.6.13; curl=8.7.1; zlib=1.2.11; bzlib=1.0.8, 13-Jul-2019; xz=5.6.3; deflate=1.23; PCRE=10.44 2024-06-07; ICU=70.1; TRE=TRE 0.8.0 R_fixes (BSD); iconv=Apple or GNU libiconv 1.11 /Library/Frameworks/R.framework/Versions/4.5-x86_64/Resources/lib/libR.dylib; readline=5.2; BLAS=/Library/Frameworks/R.framework/Versions/4.5-x86_64/Resources/lib/libRblas.0.dylib; lapack=/Library/Frameworks/R.framework/Versions/4.5-x86_64/Resources/lib/libRlapack.dylib; lapack_version=3.12.1] [2025-10-14 02:34:17] [INFO] [OmnipathR] Loaded packages: abind 1.4-8(2024-09-12); annotate 1.86.1(2025-10-13); AnnotationDbi 1.70.0(2025-10-13); AUCell 1.30.1(2025-10-13); backports 1.5.0(2024-05-23); beachmat 2.24.0(2025-10-13); Biobase 2.68.0(2025-10-13); BiocGenerics 0.54.1(2025-10-13); BiocParallel 1.42.2(2025-10-13); BiocSingular 1.24.0(2025-10-13); Biostrings 2.76.0(2025-10-13); bit 4.6.0(2025-03-06); bit64 4.6.0-1(2025-01-16); blob 1.2.4(2023-03-17); cachem 1.1.0(2024-05-16); cellranger 1.1.0(2016-07-27); checkmate 2.3.3(2025-08-18); chromote 0.5.1(2025-04-24); cli 3.6.5(2025-04-23); codetools 0.2-20(2024-03-31); crayon 1.5.3(2024-06-20); curl 7.0.0(2025-08-19); data.table 1.17.8(2025-07-10); DBI 1.2.3(2024-06-02); decoupleR 2.14.0(2025-10-13); DelayedArray 0.34.1(2025-10-13); DelayedMatrixStats 1.30.0(2025-10-13); digest 0.6.37(2024-08-19); dplyr 1.1.4(2023-11-17); evaluate 1.0.5(2025-08-27); fastmap 1.2.0(2024-05-15); fs 1.6.6(2025-04-12); generics 0.1.4(2025-05-09); GenomeInfoDb 1.44.3(2025-10-13); GenomeInfoDbData 1.2.14(2025-06-19); GenomicRanges 1.60.0(2025-10-13); glue 1.8.0(2024-09-30); graph 1.86.0(2025-10-13); GSEABase 1.70.1(2025-10-13); GSVA 2.2.1(2025-10-13); h5mread 1.0.1(2025-10-13); HDF5Array 1.36.0(2025-10-13); hms 1.1.3(2023-03-21); htmltools 0.5.8.1(2024-04-04); httr 1.4.7(2023-08-15); httr2 1.2.1(2025-07-22); igraph 2.2.0(2025-10-13); IRanges 2.42.0(2025-10-13); irlba 2.3.5.1(2022-10-03); jsonlite 2.0.0(2025-03-27); KEGGREST 1.48.1(2025-10-13); knitr 1.50(2025-03-16); later 1.4.4(2025-08-27); lattice 0.22-7(2025-04-02); lifecycle 1.0.4(2023-11-07); logger 0.4.1(2025-09-11); lubridate 1.9.4(2024-12-08); magick 2.9.0(2025-09-08); magrittr 2.0.4(2025-09-12); Matrix 1.7-4(2025-08-28); MatrixGenerics 1.20.0(2025-10-13); matrixStats 1.5.0(2025-01-07); memoise 2.0.1(2021-11-26); OmnipathR 3.16.2(2025-10-13); parallelly 1.45.1(2025-07-24); pillar 1.11.1(2025-09-17); pkgconfig 2.0.3(2019-09-22); png 0.1-8(2022-11-29); prettyunits 1.2.0(2023-09-24); processx 3.8.6(2025-02-21); progress 1.2.3(2023-12-06); promises 1.3.3(2025-05-29); ps 1.9.1(2025-04-12); purrr 1.1.0(2025-07-10); R.methodsS3 1.8.2(2022-06-13); R.oo 1.27.1(2025-05-02); R.utils 2.13.0(2025-02-24); R6 2.6.1(2025-02-15); rappdirs 0.3.3(2021-01-31); Rcpp 1.1.0(2025-07-02); readr 2.1.5(2024-01-10); readxl 1.4.5(2025-03-07); rhdf5 2.52.1(2025-10-13); rhdf5filters 1.20.0(2025-10-13); Rhdf5lib 1.30.0(2025-10-13); rjson 0.2.23(2024-09-16); rlang 1.1.6(2025-04-11); rmarkdown 2.30(2025-09-28); RSQLite 2.4.3(2025-08-20); rsvd 1.0.5(2021-04-16); rvest 1.0.5(2025-08-29); S4Arrays 1.8.1(2025-10-13); S4Vectors 0.46.0(2025-10-13); ScaledMatrix 1.16.0(2025-10-13); sessioninfo 1.2.3(2025-02-05); SingleCellExperiment 1.30.1(2025-10-13); SparseArray 1.8.1(2025-10-13); sparseMatrixStats 1.20.0(2025-10-13); SpatialExperiment 1.18.1(2025-10-13); stringi 1.8.7(2025-03-27); stringr 1.5.2(2025-09-08); SummarizedExperiment 1.38.1(2025-10-13); tibble 3.3.0(2025-06-08); tidyr 1.3.1(2024-01-24); tidyselect 1.2.1(2024-03-11); timechange 0.3.0(2024-01-18); tzdb 0.5.0(2025-03-15); UCSC.utils 1.4.0(2025-10-13); vctrs 0.6.5(2023-12-01); websocket 1.4.4(2025-04-10); withr 3.0.2(2024-10-28); xfun 0.53(2025-08-19); XML 3.99-0.19(2025-08-22); xml2 1.4.0(2025-08-20); xtable 1.8-4(2019-04-21); XVector 0.48.0(2025-10-13); yaml 2.3.10(2024-07-26); zip 2.3.3(2025-05-13) [2025-10-14 02:34:17] [INFO] [OmnipathR] CURL: version: 8.14.1; headers: 8.14.1; ssl_version: LibreSSL/3.3.6 (SecureTransport); libz_version: 1.2.11; libssh_version: NA; libidn_version: NA; host: x86_64-apple-darwin22.6.0; protocols: dict, file, ftp, ftps, gopher, gophers, http, https, imap, imaps, ldap, ldaps, mqtt, pop3, pop3s, rtsp, smb, smbs, smtp, smtps, telnet, tftp, ws, wss; ipv6: TRUE; http2: TRUE; idn: FALSE; url_parser: TRUE [2025-10-14 02:34:17] [TRACE] [OmnipathR] Running on a build server, wiping cache. [2025-10-14 02:34:17] [TRACE] [OmnipathR] Cache is at `/Users/biocbuild/Library/Caches/OmnipathR`. [2025-10-14 02:34:17] [TRACE] [OmnipathR] Contains 8 files. [2025-10-14 02:34:17] [TRACE] [OmnipathR] Cache is locked: FALSE. [2025-10-14 02:34:17] [TRACE] [OmnipathR] Reading JSON from `/Users/biocbuild/Library/Caches/OmnipathR/cache.json` (encoding: UTF-8). [2025-10-14 02:34:17] [TRACE] [OmnipathR] JSON validation successful: TRUE [2025-10-14 02:34:17] [SUCCESS] [OmnipathR] Removing all cache contents from `/Users/biocbuild/Library/Caches/OmnipathR`. [2025-10-14 02:34:17] [TRACE] [OmnipathR] Pandoc version: `2.7.3`. [2025-10-14 02:34:17] [TRACE] [OmnipathR] Reading JSON from `/Library/Frameworks/R.framework/Versions/4.5-x86_64/Resources/library/OmnipathR/db/db_def.json` (encoding: UTF-8). [2025-10-14 02:34:17] [TRACE] [OmnipathR] JSON validation successful: TRUE [2025-10-14 02:34:17] [TRACE] [OmnipathR] Reading JSON from `/Library/Frameworks/R.framework/Versions/4.5-x86_64/Resources/library/OmnipathR/internal/magic_bytes.json` (encoding: UTF-8). [2025-10-14 02:34:17] [TRACE] [OmnipathR] JSON validation successful: TRUE [2025-10-14 02:34:17] [TRACE] [OmnipathR] Reading JSON from `/Library/Frameworks/R.framework/Versions/4.5-x86_64/Resources/library/OmnipathR/internal/urls.json` (encoding: UTF-8). [2025-10-14 02:34:17] [TRACE] [OmnipathR] JSON validation successful: TRUE [2025-10-14 02:34:17] [TRACE] [OmnipathR] Reading JSON from `/Library/Frameworks/R.framework/Versions/4.5-x86_64/Resources/library/OmnipathR/internal/id_types.json` (encoding: UTF-8). [2025-10-14 02:34:17] [TRACE] [OmnipathR] JSON validation successful: TRUE [2025-10-14 02:34:17] [TRACE] [OmnipathR] Cache locked: FALSE * checking S3 generic/method consistency ... OK * checking replacement functions ... OK * checking foreign function calls ... OK * checking R code for possible problems ... OK * checking Rd files ... OK * checking Rd metadata ... OK * checking Rd cross-references ... WARNING Missing link(s) in Rd file 'run_gsva.Rd': ‘GSVA::gsva’ ‘GeneSetCollection’ Non-topic package-anchored link(s) in Rd file 'pipe.Rd': ‘[magrittr:pipe]{%>%}’ See section 'Cross-references' in the 'Writing R Extensions' manual. Found the following Rd file(s) with Rd \link{} targets missing package anchors: run_gsva.Rd: GSVA::gsva, GeneSetCollection Please provide package anchors for all Rd \link{} targets not in the package itself and the base packages. * checking for missing documentation entries ... OK * checking for code/documentation mismatches ... OK * checking Rd \usage sections ... OK * checking Rd contents ... OK * checking for unstated dependencies in examples ... OK * checking files in ‘vignettes’ ... OK * checking examples ... OK Examples with CPU (user + system) or elapsed time > 5s user system elapsed get_dorothea 59.879 3.324 70.367 run_fgsea 28.094 1.974 33.989 run_aucell 19.041 6.957 30.577 get_collectri 17.459 2.182 30.552 get_progeny 10.094 1.083 13.071 run_gsva 4.620 1.744 7.573 run_consensus 4.925 1.072 6.872 * checking for unstated dependencies in ‘tests’ ... OK * checking tests ... Running ‘testthat.R’ OK * checking for unstated dependencies in vignettes ... OK * checking package vignettes ... OK * checking running R code from vignettes ... SKIPPED * checking re-building of vignette outputs ... SKIPPED * checking PDF version of manual ... OK * DONE Status: 1 WARNING, 1 NOTE See ‘/Users/biocbuild/bbs-3.21-bioc/meat/decoupleR.Rcheck/00check.log’ for details.