############################################################################## ############################################################################## ### ### Running command: ### ### /home/biocbuild/bbs-3.21-bioc/R/bin/R CMD build --keep-empty-dirs --no-resave-data Pirat ### ############################################################################## ############################################################################## * checking for file ‘Pirat/DESCRIPTION’ ... OK * preparing ‘Pirat’: * checking DESCRIPTION meta-information ... OK * installing the package to build vignettes * creating vignettes ... ERROR --- re-building ‘Pirat.Rmd’ using rmarkdown Retrieving notices: ...working... /home/biocbuild/.cache/R/basilisk/1.20.0/0/lib/python3.12/site-packages/urllib3/connectionpool.py:1097: InsecureRequestWarning: Unverified HTTPS request is being made to host 'anaconda.mgb.org'. Adding certificate verification is strongly advised. See: https://urllib3.readthedocs.io/en/latest/advanced-usage.html#tls-warnings warnings.warn( /home/biocbuild/.cache/R/basilisk/1.20.0/0/lib/python3.12/site-packages/urllib3/connectionpool.py:1097: InsecureRequestWarning: Unverified HTTPS request is being made to host 'anaconda.mgb.org'. Adding certificate verification is strongly advised. See: https://urllib3.readthedocs.io/en/latest/advanced-usage.html#tls-warnings warnings.warn( done Channels: - conda-forge - pytorch Platform: linux-64 Collecting package metadata (repodata.json): ...working... failed UnavailableInvalidChannel: HTTP 404 NOT FOUND for channel pytorch The channel is not accessible or is invalid. You will need to adjust your conda configuration to proceed. Use `conda config --show channels` to view your configuration's current state, and use `conda config --show-sources` to view config file locations. Quitting from Pirat.Rmd:90-92 [impute] ~~~~~~~~~~~~~~~~~~~~~~~~~~~~~~~~~~~~~~~~~~~~~~~~~~~~~~~~~~~~~~~~~~~~~~~~~~~~~~~~ Error: ! Error creating conda environment '/home/biocbuild/.cache/R/basilisk/1.20.0/Pirat/1.2.6/envPirat' [exit code 1] --- Backtrace: ▆ 1. └─Pirat::my_pipeline_llkimpute(subbouyssie) 2. └─basilisk::basiliskStart(envPirat) 3. └─basilisk::obtainEnvironmentPath(env) 4. └─basilisk::setupBasiliskEnv(...) 5. └─reticulate::conda_install(...) 6. └─reticulate::conda_create(...) 7. └─reticulate:::stopf(fmt, envname, result, call. = FALSE) ~~~~~~~~~~~~~~~~~~~~~~~~~~~~~~~~~~~~~~~~~~~~~~~~~~~~~~~~~~~~~~~~~~~~~~~~~~~~~~~~ Error: processing vignette 'Pirat.Rmd' failed with diagnostics: Error creating conda environment '/home/biocbuild/.cache/R/basilisk/1.20.0/Pirat/1.2.6/envPirat' [exit code 1] --- failed re-building ‘Pirat.Rmd’ SUMMARY: processing the following file failed: ‘Pirat.Rmd’ Error: Vignette re-building failed. Execution halted