############################################################################## ############################################################################## ### ### Running command: ### ### /home/biocbuild/R/R/bin/R CMD check --install=check:BPRMeth.install-out.txt --library=/home/biocbuild/R/R/site-library --no-vignettes --timings BPRMeth_1.34.0.tar.gz ### ############################################################################## ############################################################################## * using log directory ‘/home/biocbuild/bbs-3.21-bioc/meat/BPRMeth.Rcheck’ * using R Under development (unstable) (2025-02-19 r87757) * using platform: aarch64-unknown-linux-gnu * R was compiled by aarch64-unknown-linux-gnu-gcc (GCC) 14.2.0 GNU Fortran (GCC) 14.2.0 * running under: openEuler 24.03 (LTS-SP1) * using session charset: UTF-8 * using option ‘--no-vignettes’ * checking for file ‘BPRMeth/DESCRIPTION’ ... OK * checking extension type ... Package * this is package ‘BPRMeth’ version ‘1.34.0’ * package encoding: UTF-8 * checking package namespace information ... OK * checking package dependencies ... OK * checking if this is a source package ... OK * checking if there is a namespace ... OK * checking for hidden files and directories ... OK * checking for portable file names ... OK * checking for sufficient/correct file permissions ... OK * checking whether package ‘BPRMeth’ can be installed ... OK * used C++ compiler: ‘aarch64-unknown-linux-gnu-g++ (GCC) 14.2.0’ * checking C++ specification ... NOTE Specified C++11: please drop specification unless essential * checking installed package size ... INFO installed size is 5.7Mb sub-directories of 1Mb or more: extdata 1.5Mb libs 2.2Mb * checking package directory ... OK * checking ‘build’ directory ... OK * checking DESCRIPTION meta-information ... OK * checking top-level files ... OK * checking for left-over files ... OK * checking index information ... OK * checking package subdirectories ... OK * checking code files for non-ASCII characters ... OK * checking R files for syntax errors ... OK * checking whether the package can be loaded ... OK * checking whether the package can be loaded with stated dependencies ... OK * checking whether the package can be unloaded cleanly ... OK * checking whether the namespace can be loaded with stated dependencies ... OK * checking whether the namespace can be unloaded cleanly ... OK * checking loading without being on the library search path ... OK * checking whether startup messages can be suppressed ... OK * checking dependencies in R code ... NOTE Namespace in Imports field not imported from: ‘BiocStyle’ All declared Imports should be used. * checking S3 generic/method consistency ... OK * checking replacement functions ... OK * checking foreign function calls ... OK * checking R code for possible problems ... OK * checking Rd files ... OK * checking Rd metadata ... OK * checking Rd cross-references ... NOTE Found the following Rd file(s) with Rd \link{} targets missing package anchors: plot_infer_profiles.Rd: ggplot2 Please provide package anchors for all Rd \link{} targets not in the package itself and the base packages. * checking for missing documentation entries ... OK * checking for code/documentation mismatches ... OK * checking Rd \usage sections ... OK * checking Rd contents ... OK * checking for unstated dependencies in examples ... OK * checking contents of ‘data’ directory ... OK * checking data for non-ASCII characters ... OK * checking LazyData ... OK * checking data for ASCII and uncompressed saves ... OK * checking line endings in C/C++/Fortran sources/headers ... OK * checking line endings in Makefiles ... OK * checking compilation flags in Makevars ... OK * checking for GNU extensions in Makefiles ... OK * checking for portable use of $(BLAS_LIBS) and $(LAPACK_LIBS) ... OK * checking use of PKG_*FLAGS in Makefiles ... OK * checking compiled code ... NOTE Note: information on .o files is not available * checking files in ‘vignettes’ ... OK * checking examples ... ERROR Running examples in ‘BPRMeth-Ex.R’ failed The error most likely occurred in: > base::assign(".ptime", proc.time(), pos = "CheckExEnv") > ### Name: boxplot_cluster_expr > ### Title: Boxplot of clustered expression levels > ### Aliases: boxplot_cluster_expr > > ### ** Examples > > # Cluster methylation profiles using 3 RBFs > basis <- create_rbf_object(M = 3) > # Perform clustering > cl_obj <- cluster_profiles_vb(X = encode_met$met, K = 3, model = "binomial", + basis = basis, vb_max_iter = 5) Warning in .cluster_profiles_vb_bpr(H = H, y = y, K = K, model = model, : VB did not converge! > # Create plot > g <- boxplot_cluster_expr(cluster_obj = cl_obj, expr = encode_expr, + anno = encode_met$anno) Warning: The `fun.y` argument of `stat_summary()` is deprecated as of ggplot2 3.3.0. ℹ Please use the `fun` argument instead. ℹ The deprecated feature was likely used in the BPRMeth package. Please report the issue to the authors. Warning in stat_summary(fun.y = my_min, aes(label = paste0("", N)), geom = "text", : Ignoring unknown parameters: `linewidth` Warning: The `size` argument of `element_line()` is deprecated as of ggplot2 3.4.0. ℹ Please use the `linewidth` argument instead. ℹ The deprecated feature was likely used in the BPRMeth package. Please report the issue to the authors. Error: object is invalid: - every label must be named. Execution halted * checking for unstated dependencies in ‘tests’ ... OK * checking tests ... Running ‘testthat.R’ OK * checking for unstated dependencies in vignettes ... OK * checking package vignettes ... OK * checking running R code from vignettes ... SKIPPED * checking re-building of vignette outputs ... SKIPPED * checking PDF version of manual ... OK * DONE Status: 1 ERROR, 4 NOTEs See ‘/home/biocbuild/bbs-3.21-bioc/meat/BPRMeth.Rcheck/00check.log’ for details.