############################################################################## ############################################################################## ### ### Running command: ### ### /home/biocbuild/R/R/bin/R CMD build --keep-empty-dirs --no-resave-data supraHex ### ############################################################################## ############################################################################## * checking for file ‘supraHex/DESCRIPTION’ ... OK * preparing ‘supraHex’: * checking DESCRIPTION meta-information ... OK * installing the package to build vignettes * creating vignettes ... ERROR --- re-building ‘supraHex_vignettes.Rnw’ using Sweave Loading required package: hexbin Start at 2025-04-01 03:02:43.814656 First, define topology of a map grid (2025-04-01 03:02:43.8158)... Second, initialise the codebook matrix (169 X 6) using 'linear' initialisation, given a topology and input data (2025-04-01 03:02:43.8158)... Third, get training at the rough stage (2025-04-01 03:02:43.83598)... 1 out of 2 (2025-04-01 03:02:43.838904) updated (2025-04-01 03:02:43.867635) 2 out of 2 (2025-04-01 03:02:43.868204) updated (2025-04-01 03:02:43.905451) Fourth, get training at the finetune stage (2025-04-01 03:02:43.906008)... 1 out of 7 (2025-04-01 03:02:43.907579) updated (2025-04-01 03:02:43.931329) 2 out of 7 (2025-04-01 03:02:43.931875) updated (2025-04-01 03:02:43.958784) 3 out of 7 (2025-04-01 03:02:43.959356) updated (2025-04-01 03:02:43.985801) 4 out of 7 (2025-04-01 03:02:43.986317) updated (2025-04-01 03:02:44.018855) 5 out of 7 (2025-04-01 03:02:44.019341) updated (2025-04-01 03:02:44.04298) 6 out of 7 (2025-04-01 03:02:44.043499) updated (2025-04-01 03:02:44.068601) 7 out of 7 (2025-04-01 03:02:44.069158) updated (2025-04-01 03:02:44.101107) Next, identify the best-matching hexagon/rectangle for the input data (2025-04-01 03:02:44.101712)... Finally, append the response data (hits and mqe) into the sMap object (2025-04-01 03:02:44.124399)... Below are the summaries of the training results: dimension of input data: 1000x6 xy-dimension of map grid: xdim=15, ydim=15, r=8 grid lattice: hexa grid shape: suprahex dimension of grid coord: 169x2 initialisation method: linear dimension of codebook matrix: 169x6 mean quantization error: 2.032839167797 Below are the details of trainology: training algorithm: batch alpha type: invert training neighborhood kernel: gaussian trainlength (x input data length): 2 at rough stage; 7 at finetune stage radius (at rough stage): from 4 to 1 radius (at finetune stage): from 1 to 1 End at 2025-04-01 03:02:44.763899 Runtime in total is: 1 secs Warning: The `path` argument of `write_delim()` is deprecated as of readr 1.4.0. ℹ Please use the `file` argument instead. ℹ The deprecated feature was likely used in the supraHex package. Please report the issue to the authors. Error: processing vignette 'supraHex_vignettes.Rnw' failed with diagnostics: chunk 18 Error in igraph::as_data_frame(., what = "edge") : `arg` must be one of "edges", "vertices", or "both", not "edge". ℹ Did you mean "edges"? --- failed re-building ‘supraHex_vignettes.Rnw’ SUMMARY: processing the following file failed: ‘supraHex_vignettes.Rnw’ Error: Vignette re-building failed. Execution halted