############################################################################## ############################################################################## ### ### Running command: ### ### /home/biocbuild/R/R/bin/R CMD build --keep-empty-dirs --no-resave-data phantasusLite ### ############################################################################## ############################################################################## * checking for file ‘phantasusLite/DESCRIPTION’ ... OK * preparing ‘phantasusLite’: * checking DESCRIPTION meta-information ... OK * installing the package to build vignettes * creating vignettes ... ERROR --- re-building ‘phantasusLite-tutorial.Rmd’ using rmarkdown Quitting from phantasusLite-tutorial.Rmd:52-55 [unnamed-chunk-4] ~~~~~~~~~~~~~~~~~~~~~~~~~~~~~~~~~~~~~~~~~~~~~~~~~~~~~~~~~~~~~~~~~~~~~~~~~~~~~~~~ NULL ~~~~~~~~~~~~~~~~~~~~~~~~~~~~~~~~~~~~~~~~~~~~~~~~~~~~~~~~~~~~~~~~~~~~~~~~~~~~~~~~ Error: processing vignette 'phantasusLite-tutorial.Rmd' failed with diagnostics: HTTP 403 Forbidden. --- failed re-building ‘phantasusLite-tutorial.Rmd’ SUMMARY: processing the following file failed: ‘phantasusLite-tutorial.Rmd’ Error: Vignette re-building failed. Execution halted