############################################################################## ############################################################################## ### ### Running command: ### ### /home/biocbuild/R/R/bin/R CMD build --keep-empty-dirs --no-resave-data dearseq ### ############################################################################## ############################################################################## * checking for file ‘dearseq/DESCRIPTION’ ... OK * preparing ‘dearseq’: * checking DESCRIPTION meta-information ... OK * installing the package to build vignettes * creating vignettes ... ERROR --- re-building ‘dearseqUserguide.Rmd’ using rmarkdown Quitting from dearseqUserguide.Rmd:86-105 [import] ~~~~~~~~~~~~~~~~~~~~~~~~~~~~~~~~~~~~~~~~~~~~~~~~~~~~~~~~~~~~~~~~~~~~~~~~~~~~~~~~ NULL ~~~~~~~~~~~~~~~~~~~~~~~~~~~~~~~~~~~~~~~~~~~~~~~~~~~~~~~~~~~~~~~~~~~~~~~~~~~~~~~~ Error: processing vignette 'dearseqUserguide.Rmd' failed with diagnostics: HTTP 403 Forbidden. --- failed re-building ‘dearseqUserguide.Rmd’ SUMMARY: processing the following file failed: ‘dearseqUserguide.Rmd’ Error: Vignette re-building failed. Execution halted