############################################################################## ############################################################################## ### ### Running command: ### ### /Library/Frameworks/R.framework/Resources/bin/R CMD build --keep-empty-dirs --no-resave-data UPDhmm ### ############################################################################## ############################################################################## * checking for file ‘UPDhmm/DESCRIPTION’ ... OK * preparing ‘UPDhmm’: * checking DESCRIPTION meta-information ... OK * installing the package to build vignettes * creating vignettes ... ERROR --- re-building ‘UPDhmm.Rmd’ using knitr [W::bcf_hdr_check_sanity] GL should be declared as Number=G 2025-04-01 09:44:54.419 R[54942:340507990] XType: Using static font registry. Error: processing vignette 'UPDhmm.Rmd' failed with diagnostics: Detected yes/no in YAML(UPDhmm.md). Please replace them with true/false. --- failed re-building ‘UPDhmm.Rmd’ SUMMARY: processing the following file failed: ‘UPDhmm.Rmd’ Error: Vignette re-building failed. Execution halted