############################################################################## ############################################################################## ### ### Running command: ### ### chmod a+r ADAMgui -R && F:\biocbuild\bbs-3.20-bioc\R\bin\R.exe CMD build --keep-empty-dirs --no-resave-data ADAMgui ### ############################################################################## ############################################################################## * checking for file 'ADAMgui/DESCRIPTION' ... OK * preparing 'ADAMgui': * checking DESCRIPTION meta-information ... OK * installing the package to build vignettes * creating vignettes ... ERROR --- re-building 'ADAMgui.Rmd' using knitr Error: processing vignette 'ADAMgui.Rmd' failed with diagnostics: Detected yes/no in YAML(ADAMgui.md). Please replace them with true/false. --- failed re-building 'ADAMgui.Rmd' SUMMARY: processing the following file failed: 'ADAMgui.Rmd' Error: Vignette re-building failed. Execution halted