############################################################################## ############################################################################## ### ### Running command: ### ### /Library/Frameworks/R.framework/Resources/bin/R CMD build --keep-empty-dirs --no-resave-data coMET ### ############################################################################## ############################################################################## * checking for file ‘coMET/DESCRIPTION’ ... OK * preparing ‘coMET’: * checking DESCRIPTION meta-information ... OK * installing the package to build vignettes * creating vignettes ... ERROR --- re-building ‘coMET.Rnw’ using knitr Quitting from lines 337-345 [cometwebPlot] (coMET.Rnw) Error: processing vignette 'coMET.Rnw' failed with diagnostics: Your query has been redirected to http://status.ensembl.org indicating this Ensembl service is currently unavailable. Look at ?useEnsembl for details on how to try a mirror site. --- failed re-building ‘coMET.Rnw’ SUMMARY: processing the following file failed: ‘coMET.Rnw’ Error: Vignette re-building failed. Execution halted