############################################################################## ############################################################################## ### ### Running command: ### ### chmod a+r rpx -R && F:\biocbuild\bbs-3.17-bioc\R\bin\R.exe CMD build --keep-empty-dirs --no-resave-data rpx ### ############################################################################## ############################################################################## * checking for file 'rpx/DESCRIPTION' ... OK * preparing 'rpx': * checking DESCRIPTION meta-information ... OK * installing the package to build vignettes * creating vignettes ... ERROR --- re-building 'rpx.Rmd' using rmarkdown Quitting from lines 100-102 [pxget] (rpx.Rmd) Error: processing vignette 'rpx.Rmd' failed with diagnostics: No files to download. --- failed re-building 'rpx.Rmd' SUMMARY: processing the following file failed: 'rpx.Rmd' Error: Vignette re-building failed. Execution halted