| Back to Multiple platform build/check report for BioC 3.12 |
|
This page was generated on 2021-05-06 12:35:50 -0400 (Thu, 06 May 2021).
|
To the developers/maintainers of the MSstatsPTM package: Please make sure to use the following settings in order to reproduce any error or warning you see on this page. |
| Package 1167/1974 | Hostname | OS / Arch | INSTALL | BUILD | CHECK | BUILD BIN | ||||||||
| MSstatsPTM 1.0.0 (landing page) Tsung-Heng Tsai
| malbec1 | Linux (Ubuntu 18.04.5 LTS) / x86_64 | OK | OK | OK | |||||||||
| tokay1 | Windows Server 2012 R2 Standard / x64 | OK | OK | OK | OK | |||||||||
| merida1 | macOS 10.14.6 Mojave / x86_64 | OK | OK | ERROR | OK | |||||||||
| Package: MSstatsPTM |
| Version: 1.0.0 |
| Command: /Library/Frameworks/R.framework/Versions/Current/Resources/bin/R CMD check --install=check:MSstatsPTM.install-out.txt --library=/Library/Frameworks/R.framework/Versions/Current/Resources/library --no-vignettes --timings MSstatsPTM_1.0.0.tar.gz |
| StartedAt: 2021-05-06 04:00:20 -0400 (Thu, 06 May 2021) |
| EndedAt: 2021-05-06 04:06:12 -0400 (Thu, 06 May 2021) |
| EllapsedTime: 351.5 seconds |
| RetCode: 1 |
| Status: ERROR |
| CheckDir: MSstatsPTM.Rcheck |
| Warnings: NA |
##############################################################################
##############################################################################
###
### Running command:
###
### /Library/Frameworks/R.framework/Versions/Current/Resources/bin/R CMD check --install=check:MSstatsPTM.install-out.txt --library=/Library/Frameworks/R.framework/Versions/Current/Resources/library --no-vignettes --timings MSstatsPTM_1.0.0.tar.gz
###
##############################################################################
##############################################################################
* using log directory ‘/Users/biocbuild/bbs-3.12-bioc/meat/MSstatsPTM.Rcheck’
* using R version 4.0.5 (2021-03-31)
* using platform: x86_64-apple-darwin17.0 (64-bit)
* using session charset: UTF-8
* using option ‘--no-vignettes’
* checking for file ‘MSstatsPTM/DESCRIPTION’ ... OK
* checking extension type ... Package
* this is package ‘MSstatsPTM’ version ‘1.0.0’
* package encoding: UTF-8
* checking package namespace information ... OK
* checking package dependencies ... OK
* checking if this is a source package ... OK
* checking if there is a namespace ... OK
* checking for hidden files and directories ... OK
* checking for portable file names ... OK
* checking for sufficient/correct file permissions ... OK
* checking whether package ‘MSstatsPTM’ can be installed ... OK
* checking installed package size ... OK
* checking package directory ... OK
* checking ‘build’ directory ... OK
* checking DESCRIPTION meta-information ... OK
* checking top-level files ... OK
* checking for left-over files ... OK
* checking index information ... OK
* checking package subdirectories ... OK
* checking R files for non-ASCII characters ... OK
* checking R files for syntax errors ... OK
* checking whether the package can be loaded ... OK
* checking whether the package can be loaded with stated dependencies ... OK
* checking whether the package can be unloaded cleanly ... OK
* checking whether the namespace can be loaded with stated dependencies ... OK
* checking whether the namespace can be unloaded cleanly ... OK
* checking dependencies in R code ... OK
* checking S3 generic/method consistency ... OK
* checking replacement functions ... OK
* checking foreign function calls ... OK
* checking R code for possible problems ... OK
* checking Rd files ... OK
* checking Rd metadata ... OK
* checking Rd cross-references ... OK
* checking for missing documentation entries ... OK
* checking for code/documentation mismatches ... OK
* checking Rd \usage sections ... OK
* checking Rd contents ... OK
* checking for unstated dependencies in examples ... OK
* checking files in ‘vignettes’ ... OK
* checking examples ... ERROR
Running examples in ‘MSstatsPTM-Ex.R’ failed
The error most likely occurred in:
> base::assign(".ptime", proc.time(), pos = "CheckExEnv")
> ### Name: tidyFasta
> ### Title: Read and tidy a FASTA file
> ### Aliases: tidyFasta
>
> ### ** Examples
>
> tidyFasta("https://www.uniprot.org/uniprot/O13297.fasta")
trying URL 'https://www.uniprot.org/uniprot/O13297.fasta'
Warning in download.file(fp, filepath2[i]) :
URL 'https://www.uniprot.org/uniprot/O13297.fasta': Timeout of 300 seconds was reached
Error in download.file(fp, filepath2[i]) :
cannot open URL 'https://www.uniprot.org/uniprot/O13297.fasta'
Calls: tidyFasta ... open_input_files -> .normarg_input_filepath -> download.file
Execution halted
* checking for unstated dependencies in ‘tests’ ... OK
* checking tests ...
Running ‘testthat.R’
OK
* checking for unstated dependencies in vignettes ... OK
* checking package vignettes in ‘inst/doc’ ... OK
* checking running R code from vignettes ... SKIPPED
* checking re-building of vignette outputs ... SKIPPED
* checking PDF version of manual ... OK
* DONE
Status: 1 ERROR
See
‘/Users/biocbuild/bbs-3.12-bioc/meat/MSstatsPTM.Rcheck/00check.log’
for details.
MSstatsPTM.Rcheck/00install.out
############################################################################## ############################################################################## ### ### Running command: ### ### /Library/Frameworks/R.framework/Versions/Current/Resources/bin/R CMD INSTALL MSstatsPTM ### ############################################################################## ############################################################################## * installing to library ‘/Library/Frameworks/R.framework/Versions/4.0/Resources/library’ * installing *source* package ‘MSstatsPTM’ ... ** using staged installation ** R ** byte-compile and prepare package for lazy loading ** help *** installing help indices ** building package indices ** installing vignettes ** testing if installed package can be loaded from temporary location ** testing if installed package can be loaded from final location ** testing if installed package keeps a record of temporary installation path * DONE (MSstatsPTM)
MSstatsPTM.Rcheck/tests/testthat.Rout
R version 4.0.5 (2021-03-31) -- "Shake and Throw"
Copyright (C) 2021 The R Foundation for Statistical Computing
Platform: x86_64-apple-darwin17.0 (64-bit)
R is free software and comes with ABSOLUTELY NO WARRANTY.
You are welcome to redistribute it under certain conditions.
Type 'license()' or 'licence()' for distribution details.
R is a collaborative project with many contributors.
Type 'contributors()' for more information and
'citation()' on how to cite R or R packages in publications.
Type 'demo()' for some demos, 'help()' for on-line help, or
'help.start()' for an HTML browser interface to help.
Type 'q()' to quit R.
> library(testthat)
> library(MSstatsPTM)
>
> test_check("MSstatsPTM")
[ FAIL 0 | WARN 0 | SKIP 0 | PASS 40 ]
>
> proc.time()
user system elapsed
2.257 0.168 2.406
MSstatsPTM.Rcheck/MSstatsPTM-Ex.timings
| name | user | system | elapsed | |
| PTMcompareMeans | 0.330 | 0.014 | 0.345 | |
| PTMestimate | 0.138 | 0.001 | 0.139 | |
| PTMlocate | 3.237 | 0.124 | 3.832 | |
| PTMnormalize | 0.105 | 0.007 | 0.112 | |
| PTMsimulateExperiment | 0.065 | 0.008 | 0.072 | |
| PTMsummarize | 0.158 | 0.005 | 0.162 | |
| adjustProteinLevel | 0.148 | 0.001 | 0.150 | |
| annotSite | 0.001 | 0.001 | 0.001 | |
| estimateAbundance | 0.135 | 0.005 | 0.140 | |
| extractMeanDiff | 0.181 | 0.003 | 0.184 | |
| fitLinearModel | 0.010 | 0.001 | 0.011 | |
| fixedGroup | 0.005 | 0.001 | 0.005 | |
| fixedGroupBatch | 0.004 | 0.001 | 0.004 | |
| locateMod | 0.001 | 0.000 | 0.000 | |
| simulatePeaks | 0.023 | 0.000 | 0.023 | |
| simulateSites | 0.035 | 0.001 | 0.036 | |
| simulateSummarization | 0.022 | 0.000 | 0.022 | |
| summarizeFeatures | 0.032 | 0.000 | 0.032 | |
| tidyEstimates | 0.028 | 0.001 | 0.028 | |