Back to Multiple platform build/check report
| Package: RdbiPgSQL |
| Version: 1.6.0 |
| Command: D:\biocbld\R-2.3.0\bin\R.exe CMD check RdbiPgSQL_1.6.0.tar.gz |
| RetCode: 1 |
| Time: 7.5 seconds |
| Status: ERROR |
| CheckDir: RdbiPgSQL.Rcheck |
| Warnings: NA |
* checking for working latex ... OK * using log directory 'D:/biocbld/work-area/1.8d/madman/Rpacks/RdbiPgSQL.Rcheck' * using Version 2.3.0 (2006-04-24) * checking for file 'RdbiPgSQL/DESCRIPTION' ... OK * this is package 'RdbiPgSQL' version '1.6.0' * checking package dependencies ... OK * checking if this is a source package ... OK * checking whether package 'RdbiPgSQL' can be installed ... ERROR Installation failed. See 'D:/biocbld/work-area/1.8d/madman/Rpacks/RdbiPgSQL.Rcheck/00install.out' for details.