Back to Multiple platform build/check report
| Package: MVCClass |
| Version: 1.6.0 |
| Command: D:\biocbld\R-2.3.0\bin\R.exe CMD check MVCClass_1.6.0.tar.gz |
| RetCode: 1 |
| Time: 5.5 seconds |
| Status: ERROR |
| CheckDir: MVCClass.Rcheck |
| Warnings: NA |
* checking for working latex ... OK * using log directory 'D:/biocbld/work-area/1.8d/madman/Rpacks/MVCClass.Rcheck' * using Version 2.3.0 (2006-04-24) * checking for file 'MVCClass/DESCRIPTION' ... OK * this is package 'MVCClass' version '1.6.0' * checking package dependencies ... ERROR Packages required but not available: RGtk gtkDevice